CRAN Package Check Results for Package mlt.docreg

Last updated on 2022-05-25 02:52:24 CEST.

Flavor Version Tinstall Tcheck Ttotal Status Flags
r-devel-linux-x86_64-debian-clang 1.1-4 10.87 363.69 374.56 NOTE
r-devel-linux-x86_64-debian-gcc 1.1-4 9.77 276.79 286.56 NOTE
r-devel-linux-x86_64-fedora-clang 1.1-4 442.17 NOTE
r-devel-linux-x86_64-fedora-gcc 1.1-4 433.89 NOTE
r-devel-windows-x86_64 1.1-4 26.00 401.00 427.00 OK
r-patched-linux-x86_64 1.1-4 11.11 331.71 342.82 OK
r-release-linux-x86_64 1.1-4 OK
r-release-macos-arm64 1.1-4 173.00 OK
r-release-macos-x86_64 1.1-4 189.00 OK
r-release-windows-x86_64 1.1-4 25.00 347.00 372.00 OK
r-oldrel-macos-arm64 1.1-4 167.00 OK
r-oldrel-macos-x86_64 1.1-4 180.00 OK
r-oldrel-windows-ix86+x86_64 1.1-4 33.00 230.00 263.00 OK

Check Details

Version: 1.1-4
Check: package dependencies
Result: NOTE
    Package suggested but not available for checking: 'MIICD'
Flavors: r-devel-linux-x86_64-debian-clang, r-devel-linux-x86_64-debian-gcc, r-devel-linux-x86_64-fedora-clang, r-devel-linux-x86_64-fedora-gcc