Last updated on 2024-04-20 01:50:03 CEST.
Flavor | Version | Tinstall | Tcheck | Ttotal | Status | Flags |
---|---|---|---|---|---|---|
r-devel-linux-x86_64-debian-clang | 0.3.11 | 665.66 | 241.11 | 906.77 | OK | |
r-devel-linux-x86_64-debian-gcc | 0.3.11 | OK | ||||
r-devel-linux-x86_64-fedora-clang | 0.3.11 | 1158.20 | NOTE | |||
r-devel-linux-x86_64-fedora-gcc | 0.3.11 | 1466.53 | OK | |||
r-prerel-macos-arm64 | 0.3.11 | 323.00 | NOTE | |||
r-prerel-macos-x86_64 | 0.3.11 | 524.00 | NOTE | |||
r-prerel-windows-x86_64 | 0.3.11 | 481.00 | 252.00 | 733.00 | NOTE | |
r-patched-linux-x86_64 | 0.3.11 | 538.42 | 270.82 | 809.24 | OK | |
r-release-linux-x86_64 | 0.3.11 | 527.39 | 264.43 | 791.82 | OK | |
r-release-macos-arm64 | 0.3.11 | 316.00 | NOTE | |||
r-release-macos-x86_64 | 0.3.11 | 456.00 | NOTE | |||
r-release-windows-x86_64 | 0.3.11 | 634.00 | 380.00 | 1014.00 | NOTE | |
r-oldrel-macos-arm64 | 0.3.11 | 320.00 | NOTE | |||
r-oldrel-windows-x86_64 | 0.3.11 | 605.00 | 303.00 | 908.00 | NOTE |
Version: 0.3.11
Check: installed package size
Result: NOTE
installed size is 7.5Mb
sub-directories of 1Mb or more:
libs 5.6Mb
Flavors: r-devel-linux-x86_64-fedora-clang, r-prerel-macos-arm64, r-prerel-macos-x86_64, r-prerel-windows-x86_64, r-release-macos-arm64, r-release-macos-x86_64, r-release-windows-x86_64, r-oldrel-macos-arm64, r-oldrel-windows-x86_64