Last updated on 2025-05-08 01:51:10 CEST.
Flavor | Version | Tinstall | Tcheck | Ttotal | Status | Flags |
---|---|---|---|---|---|---|
r-devel-linux-x86_64-debian-clang | 0.3.14 | 462.51 | 153.89 | 616.40 | NOTE | |
r-devel-linux-x86_64-debian-gcc | 0.3.14 | 410.67 | 140.63 | 551.30 | NOTE | |
r-devel-linux-x86_64-fedora-clang | 0.3.14 | 1086.38 | NOTE | |||
r-devel-linux-x86_64-fedora-gcc | 0.3.14 | 1521.88 | NOTE | |||
r-devel-windows-x86_64 | 0.3.14 | 492.00 | 276.00 | 768.00 | NOTE | |
r-patched-linux-x86_64 | 0.3.14 | 530.27 | 185.81 | 716.08 | NOTE | |
r-release-linux-x86_64 | 0.3.14 | 516.33 | 184.79 | 701.12 | NOTE | |
r-release-macos-arm64 | 0.3.14 | 327.00 | NOTE | |||
r-release-macos-x86_64 | 0.3.14 | 443.00 | NOTE | |||
r-release-windows-x86_64 | 0.3.14 | 497.00 | 283.00 | 780.00 | NOTE | |
r-oldrel-macos-arm64 | 0.3.14 | 188.00 | NOTE | |||
r-oldrel-macos-x86_64 | 0.3.14 | 238.00 | NOTE | |||
r-oldrel-windows-x86_64 | 0.3.14 | 573.00 | 293.00 | 866.00 | NOTE |
Version: 0.3.14
Check: DESCRIPTION meta-information
Result: NOTE
Missing dependency on R >= 4.1.0 because package code uses the pipe
|> or function shorthand \(...) syntax added in R 4.1.0.
File(s) using such syntax:
‘interop-car.R’ ‘mmrm_tidiers.Rd’
Flavors: r-devel-linux-x86_64-debian-clang, r-devel-linux-x86_64-debian-gcc, r-devel-linux-x86_64-fedora-clang, r-devel-linux-x86_64-fedora-gcc, r-devel-windows-x86_64, r-patched-linux-x86_64, r-release-linux-x86_64, r-release-macos-arm64, r-release-macos-x86_64, r-release-windows-x86_64
Version: 0.3.14
Check: installed package size
Result: NOTE
installed size is 121.1Mb
sub-directories of 1Mb or more:
libs 119.3Mb
Flavors: r-oldrel-macos-arm64, r-oldrel-macos-x86_64, r-oldrel-windows-x86_64