CRAN Package Check Results for Package mod

Last updated on 2022-05-18 01:49:57 CEST.

Flavor Version Tinstall Tcheck Ttotal Status Flags
r-devel-linux-x86_64-debian-clang 0.1.3 2.43 32.96 35.39 NOTE
r-devel-linux-x86_64-debian-gcc 0.1.3 1.88 26.31 28.19 NOTE
r-devel-linux-x86_64-fedora-clang 0.1.3 44.28 NOTE
r-devel-linux-x86_64-fedora-gcc 0.1.3 43.43 NOTE
r-devel-windows-x86_64 0.1.3 13.00 51.00 64.00 NOTE
r-patched-linux-x86_64 0.1.3 2.27 32.94 35.21 NOTE
r-release-linux-x86_64 0.1.3 2.03 33.04 35.07 NOTE
r-release-macos-arm64 0.1.3 15.00 NOTE
r-release-macos-x86_64 0.1.3 21.00 NOTE
r-release-windows-x86_64 0.1.3 16.00 49.00 65.00 NOTE
r-oldrel-macos-arm64 0.1.3 18.00 NOTE
r-oldrel-macos-x86_64 0.1.3 27.00 NOTE
r-oldrel-windows-ix86+x86_64 0.1.3 6.00 56.00 62.00 NOTE

Check Details

Version: 0.1.3
Check: LazyData
Result: NOTE
     'LazyData' is specified without a 'data' directory
Flavors: r-devel-linux-x86_64-debian-clang, r-devel-linux-x86_64-debian-gcc, r-devel-linux-x86_64-fedora-clang, r-devel-linux-x86_64-fedora-gcc, r-devel-windows-x86_64, r-patched-linux-x86_64, r-release-linux-x86_64, r-release-macos-arm64, r-release-macos-x86_64, r-release-windows-x86_64, r-oldrel-macos-arm64, r-oldrel-macos-x86_64, r-oldrel-windows-ix86+x86_64