Last updated on 2024-04-23 01:57:06 CEST.
Flavor | Version | Tinstall | Tcheck | Ttotal | Status | Flags |
---|---|---|---|---|---|---|
r-devel-linux-x86_64-debian-clang | 1.1 | 6.09 | 147.19 | 153.28 | NOTE | |
r-devel-linux-x86_64-debian-gcc | 1.1 | 5.57 | 127.92 | 133.49 | NOTE | |
r-devel-linux-x86_64-fedora-clang | 1.1 | 228.90 | NOTE | |||
r-devel-linux-x86_64-fedora-gcc | 1.1 | 231.15 | NOTE | |||
r-prerel-macos-arm64 | 1.1 | 61.00 | NOTE | |||
r-prerel-windows-x86_64 | 1.1 | 8.00 | 125.00 | 133.00 | NOTE | |
r-patched-linux-x86_64 | 1.1 | 4.54 | 139.92 | 144.46 | NOTE | |
r-release-linux-x86_64 | 1.1 | 4.17 | 140.16 | 144.33 | NOTE | |
r-release-macos-arm64 | 1.1 | 69.00 | NOTE | |||
r-release-macos-x86_64 | 1.1 | 92.00 | NOTE | |||
r-release-windows-x86_64 | 1.1 | 9.00 | 169.00 | 178.00 | NOTE | |
r-oldrel-macos-arm64 | 1.1 | 64.00 | NOTE | |||
r-oldrel-windows-x86_64 | 1.1 | 11.00 | 175.00 | 186.00 | NOTE |
Version: 1.1
Check: Rd files
Result: NOTE
checkRd: (-1) modelDown.Rd:28: Lost braces in \itemize; meant \describe ?
checkRd: (-1) modelDown.Rd:29: Lost braces in \itemize; meant \describe ?
checkRd: (-1) modelDown.Rd:30: Lost braces in \itemize; meant \describe ?
checkRd: (-1) modelDown.Rd:31: Lost braces in \itemize; meant \describe ?
Flavors: r-devel-linux-x86_64-debian-clang, r-devel-linux-x86_64-debian-gcc, r-devel-linux-x86_64-fedora-clang, r-devel-linux-x86_64-fedora-gcc, r-prerel-macos-arm64, r-prerel-windows-x86_64, r-patched-linux-x86_64
Version: 1.1
Check: LazyData
Result: NOTE
'LazyData' is specified without a 'data' directory
Flavors: r-devel-linux-x86_64-debian-clang, r-devel-linux-x86_64-debian-gcc, r-devel-linux-x86_64-fedora-clang, r-devel-linux-x86_64-fedora-gcc, r-prerel-macos-arm64, r-prerel-windows-x86_64, r-patched-linux-x86_64, r-release-linux-x86_64, r-release-macos-arm64, r-release-macos-x86_64, r-release-windows-x86_64, r-oldrel-macos-arm64, r-oldrel-windows-x86_64
Version: 1.1
Check: dependencies in R code
Result: NOTE
Namespaces in Imports field not imported from:
‘DALEX’ ‘DT’ ‘auditor’ ‘breakDown’ ‘drifter’ ‘svglite’
All declared Imports should be used.
Flavors: r-devel-linux-x86_64-fedora-clang, r-devel-linux-x86_64-fedora-gcc, r-oldrel-macos-arm64