Last updated on 2022-05-17 02:53:14 CEST.
Flavor | Version | Tinstall | Tcheck | Ttotal | Status | Flags |
---|---|---|---|---|---|---|
r-devel-linux-x86_64-debian-clang | 1.1 | 7.98 | 205.42 | 213.40 | NOTE | |
r-devel-linux-x86_64-debian-gcc | 1.1 | 5.12 | 165.87 | 170.99 | NOTE | |
r-devel-linux-x86_64-fedora-clang | 1.1 | 240.22 | NOTE | |||
r-devel-linux-x86_64-fedora-gcc | 1.1 | 245.58 | NOTE | |||
r-devel-windows-x86_64 | 1.1 | 42.00 | 175.00 | 217.00 | NOTE | |
r-patched-linux-x86_64 | 1.1 | 6.59 | 199.81 | 206.40 | NOTE | |
r-release-linux-x86_64 | 1.1 | 7.24 | 198.08 | 205.32 | NOTE | |
r-release-macos-arm64 | 1.1 | 64.00 | NOTE | |||
r-release-macos-x86_64 | 1.1 | 112.00 | NOTE | |||
r-release-windows-x86_64 | 1.1 | 23.00 | 169.00 | 192.00 | NOTE | |
r-oldrel-macos-arm64 | 1.1 | 67.00 | NOTE | |||
r-oldrel-macos-x86_64 | 1.1 | 107.00 | NOTE | |||
r-oldrel-windows-ix86+x86_64 | 1.1 | 21.00 | 207.00 | 228.00 | NOTE |
Version: 1.1
Check: LazyData
Result: NOTE
'LazyData' is specified without a 'data' directory
Flavors: r-devel-linux-x86_64-debian-clang, r-devel-linux-x86_64-debian-gcc, r-devel-linux-x86_64-fedora-clang, r-devel-linux-x86_64-fedora-gcc, r-devel-windows-x86_64, r-patched-linux-x86_64, r-release-linux-x86_64, r-release-macos-arm64, r-release-macos-x86_64, r-release-windows-x86_64, r-oldrel-macos-arm64, r-oldrel-macos-x86_64, r-oldrel-windows-ix86+x86_64
Version: 1.1
Check: dependencies in R code
Result: NOTE
Namespaces in Imports field not imported from:
‘DALEX’ ‘DT’ ‘auditor’ ‘breakDown’ ‘drifter’ ‘svglite’
All declared Imports should be used.
Flavors: r-devel-linux-x86_64-fedora-clang, r-devel-linux-x86_64-fedora-gcc, r-release-macos-arm64, r-release-macos-x86_64, r-oldrel-macos-arm64, r-oldrel-macos-x86_64