Last updated on 2024-08-16 01:48:23 CEST.
Flavor | Version | Tinstall | Tcheck | Ttotal | Status | Flags |
---|---|---|---|---|---|---|
r-devel-linux-x86_64-debian-clang | 0.2.2 | 4.56 | 30.92 | 35.48 | OK | |
r-devel-linux-x86_64-debian-gcc | 0.2.2 | 3.11 | 23.93 | 27.04 | OK | |
r-devel-linux-x86_64-fedora-clang | 0.2.2 | 55.82 | NOTE | |||
r-devel-linux-x86_64-fedora-gcc | 0.2.2 | 51.88 | OK | |||
r-devel-windows-x86_64 | 0.2.2 | 7.00 | 52.00 | 59.00 | NOTE | |
r-patched-linux-x86_64 | 0.2.2 | 4.23 | 29.68 | 33.91 | OK | |
r-release-linux-x86_64 | 0.2.2 | 4.00 | 29.71 | 33.71 | OK | |
r-release-macos-arm64 | 0.2.2 | 20.00 | NOTE | |||
r-release-macos-x86_64 | 0.2.2 | 31.00 | NOTE | |||
r-release-windows-x86_64 | 0.2.2 | 8.00 | 49.00 | 57.00 | NOTE | |
r-oldrel-macos-arm64 | 0.2.2 | 25.00 | NOTE | |||
r-oldrel-macos-x86_64 | 0.2.2 | 29.00 | NOTE | |||
r-oldrel-windows-x86_64 | 0.2.2 | 9.00 | 55.00 | 64.00 | NOTE |
Version: 0.2.2
Check: installed package size
Result: NOTE
installed size is 14.9Mb
sub-directories of 1Mb or more:
htmlwidgets 14.7Mb
Flavors: r-devel-linux-x86_64-fedora-clang, r-devel-windows-x86_64, r-release-macos-arm64, r-release-macos-x86_64, r-release-windows-x86_64, r-oldrel-macos-arm64, r-oldrel-macos-x86_64, r-oldrel-windows-x86_64