Last updated on 2025-10-24 01:50:32 CEST.
| Flavor | Version | Tinstall | Tcheck | Ttotal | Status | Flags |
|---|---|---|---|---|---|---|
| r-devel-linux-x86_64-debian-clang | 0.1.6 | 4.15 | 35.60 | 39.75 | NOTE | |
| r-devel-linux-x86_64-debian-gcc | 0.1.6 | 3.13 | 27.97 | 31.10 | OK | |
| r-devel-linux-x86_64-fedora-clang | 0.1.6 | 60.42 | OK | |||
| r-devel-linux-x86_64-fedora-gcc | 0.1.6 | 54.38 | OK | |||
| r-devel-windows-x86_64 | 0.1.6 | 6.00 | 51.00 | 57.00 | OK | |
| r-patched-linux-x86_64 | 0.1.6 | 4.10 | 32.69 | 36.79 | OK | |
| r-release-linux-x86_64 | 0.1.6 | 3.56 | 32.53 | 36.09 | OK | |
| r-release-macos-arm64 | 0.1.6 | 2.00 | 17.00 | 19.00 | OK | |
| r-release-macos-x86_64 | 0.1.6 | 3.00 | 32.00 | 35.00 | OK | |
| r-release-windows-x86_64 | 0.1.6 | 7.00 | 53.00 | 60.00 | OK | |
| r-oldrel-macos-arm64 | 0.1.6 | 2.00 | 22.00 | 24.00 | OK | |
| r-oldrel-macos-x86_64 | 0.1.6 | 4.00 | 33.00 | 37.00 | OK | |
| r-oldrel-windows-x86_64 | 0.1.6 | 7.00 | 62.00 | 69.00 | OK |
Version: 0.1.6
Check: HTML version of manual
Result: NOTE
Found the following HTML validation problems:
app_server.html:54:1 (app_server.Rd:14): Warning: missing </ul> before </div>
app_ui.html:46:1 (app_ui.Rd:10): Warning: missing </ul> before </div>
Flavor: r-devel-linux-x86_64-debian-clang