CRAN Package Check Results for Package motmot

Last updated on 2020-03-31 23:47:12 CEST.

Flavor Version Tinstall Tcheck Ttotal Status Flags
r-devel-linux-x86_64-debian-clang 2.1.3 19.12 242.70 261.82 OK
r-devel-linux-x86_64-debian-gcc 2.1.3 14.76 174.99 189.75 OK
r-devel-linux-x86_64-fedora-clang 2.1.3 333.48 OK
r-devel-linux-x86_64-fedora-gcc 2.1.3 303.25 OK
r-devel-windows-ix86+x86_64 2.1.3 34.00 282.00 316.00 NOTE
r-devel-windows-ix86+x86_64-gcc8 2.1.3 33.00 294.00 327.00 OK
r-patched-linux-x86_64 2.1.3 17.17 242.97 260.14 OK
r-patched-solaris-x86 2.1.3 396.80 OK
r-release-linux-x86_64 2.1.3 16.37 222.66 239.03 OK
r-release-windows-ix86+x86_64 2.1.3 48.00 393.00 441.00 NOTE
r-release-osx-x86_64 2.1.3 OK
r-oldrel-windows-ix86+x86_64 2.1.3 37.00 361.00 398.00 NOTE
r-oldrel-osx-x86_64 2.1.3 OK

Check Details

Version: 2.1.3
Check: installed package size
Result: NOTE
     installed size is 5.4Mb
     sub-directories of 1Mb or more:
     doc 3.8Mb
     libs 1.1Mb
Flavors: r-devel-windows-ix86+x86_64, r-release-windows-ix86+x86_64, r-oldrel-windows-ix86+x86_64