CRAN Package Check Results for Package movecost

Last updated on 2022-07-02 01:49:01 CEST.

Flavor Version Tinstall Tcheck Ttotal Status Flags
r-devel-linux-x86_64-debian-clang 1.6 35.22 362.67 397.89 OK
r-devel-linux-x86_64-debian-gcc 1.6 31.02 265.44 296.46 OK
r-devel-linux-x86_64-fedora-clang 1.6 474.28 NOTE
r-devel-linux-x86_64-fedora-gcc 1.6 472.58 NOTE
r-devel-windows-x86_64 1.6 40.00 382.00 422.00 OK
r-patched-linux-x86_64 1.6 34.82 345.04 379.86 OK
r-release-linux-x86_64 1.6 36.73 339.99 376.72 OK
r-release-macos-arm64 1.6 101.00 NOTE
r-release-macos-x86_64 1.6 153.00 NOTE
r-release-windows-x86_64 1.6 48.00 376.00 424.00 OK
r-oldrel-macos-arm64 1.6 96.00 NOTE
r-oldrel-macos-x86_64 1.6 136.00 NOTE
r-oldrel-windows-ix86+x86_64 1.6 96.00 402.00 498.00 OK

Check Details

Version: 1.6
Check: data for non-ASCII characters
Result: NOTE
     Note: found 3 marked UTF-8 strings
Flavors: r-devel-linux-x86_64-fedora-clang, r-devel-linux-x86_64-fedora-gcc, r-release-macos-arm64, r-release-macos-x86_64, r-oldrel-macos-arm64, r-oldrel-macos-x86_64