Last updated on 2024-03-29 01:51:11 CET.
Flavor | Version | Tinstall | Tcheck | Ttotal | Status | Flags |
---|---|---|---|---|---|---|
r-devel-linux-x86_64-debian-clang | 2.1 | 44.82 | 392.17 | 436.99 | OK | |
r-devel-linux-x86_64-debian-gcc | 2.1 | 34.35 | 283.43 | 317.78 | OK | |
r-devel-linux-x86_64-fedora-clang | 2.1 | 531.44 | NOTE | |||
r-devel-linux-x86_64-fedora-gcc | 2.1 | 529.09 | NOTE | |||
r-devel-windows-x86_64 | 2.1 | 32.00 | 229.00 | 261.00 | OK | |
r-patched-linux-x86_64 | 2.1 | 42.21 | 377.05 | 419.26 | OK | |
r-release-linux-x86_64 | 2.1 | 41.55 | 385.88 | 427.43 | OK | |
r-release-macos-arm64 | 2.1 | 130.00 | OK | |||
r-release-macos-x86_64 | 2.1 | 304.00 | OK | |||
r-release-windows-x86_64 | 2.1 | 44.00 | 332.00 | 376.00 | OK | |
r-oldrel-macos-arm64 | 2.1 | 123.00 | OK | |||
r-oldrel-windows-x86_64 | 2.1 | 45.00 | 338.00 | 383.00 | OK |
Version: 2.1
Check: data for non-ASCII characters
Result: NOTE
Note: found 3 marked UTF-8 strings
Flavors: r-devel-linux-x86_64-fedora-clang, r-devel-linux-x86_64-fedora-gcc