CRAN Package Check Results for Package mscstts

Last updated on 2022-05-17 02:53:14 CEST.

Flavor Version Tinstall Tcheck Ttotal Status Flags
r-devel-linux-x86_64-debian-clang 0.6.2 1.87 40.53 42.40 ERROR
r-devel-linux-x86_64-debian-gcc 0.6.2 2.08 30.89 32.97 ERROR
r-devel-linux-x86_64-fedora-clang 0.6.2 29.81 ERROR
r-devel-linux-x86_64-fedora-gcc 0.6.2 51.85 ERROR
r-devel-windows-x86_64 0.6.2 31.00 70.00 101.00 ERROR
r-patched-linux-x86_64 0.6.2 5.59 38.31 43.90 ERROR
r-release-linux-x86_64 0.6.2 2.24 38.34 40.58 ERROR
r-release-macos-arm64 0.6.2 18.00 NOTE
r-release-macos-x86_64 0.6.2 26.00 NOTE
r-release-windows-x86_64 0.6.2 22.00 64.00 86.00 ERROR
r-oldrel-macos-arm64 0.6.2 36.00 NOTE
r-oldrel-macos-x86_64 0.6.2 28.00 NOTE
r-oldrel-windows-ix86+x86_64 0.6.2 6.00 59.00 65.00 ERROR

Check Details

Version: 0.6.2
Check: tests
Result: ERROR
     Running 'testthat.R' [3s/4s]
    Running the tests in 'tests/testthat.R' failed.
    Complete output:
     > library(testthat)
     > library(mscstts)
     > library(tuneR)
     >
     > test_check("mscstts")
     [ FAIL 1 | WARN 0 | SKIP 3 | PASS 4 ]
    
     == Skipped tests ===============================================================
     * On CRAN (3)
    
     == Failed tests ================================================================
     -- Failure (test-regions.R:16:5): Check regions are equal to ms_regions --------
     all(ms_regions() %in% regions) is not TRUE
    
     `actual`: FALSE
     `expected`: TRUE
    
     [ FAIL 1 | WARN 0 | SKIP 3 | PASS 4 ]
     Error: Test failures
     Execution halted
Flavor: r-devel-linux-x86_64-debian-clang

Version: 0.6.2
Check: tests
Result: ERROR
     Running ‘testthat.R’ [2s/4s]
    Running the tests in ‘tests/testthat.R’ failed.
    Complete output:
     > library(testthat)
     > library(mscstts)
     > library(tuneR)
     >
     > test_check("mscstts")
     [ FAIL 1 | WARN 0 | SKIP 3 | PASS 4 ]
    
     ══ Skipped tests ═══════════════════════════════════════════════════════════════
     • On CRAN (3)
    
     ══ Failed tests ════════════════════════════════════════════════════════════════
     ── Failure (test-regions.R:16:5): Check regions are equal to ms_regions ────────
     all(ms_regions() %in% regions) is not TRUE
    
     `actual`: FALSE
     `expected`: TRUE
    
     [ FAIL 1 | WARN 0 | SKIP 3 | PASS 4 ]
     Error: Test failures
     Execution halted
Flavor: r-devel-linux-x86_64-debian-gcc

Version: 0.6.2
Check: data for non-ASCII characters
Result: NOTE
     Note: found 26 marked UTF-8 strings
Flavors: r-devel-linux-x86_64-fedora-clang, r-devel-linux-x86_64-fedora-gcc, r-release-macos-arm64, r-release-macos-x86_64, r-oldrel-macos-arm64, r-oldrel-macos-x86_64

Version: 0.6.2
Check: tests
Result: ERROR
     Running ‘testthat.R’
    Running the tests in ‘tests/testthat.R’ failed.
    Complete output:
     > library(testthat)
     > library(mscstts)
     > library(tuneR)
     >
     > test_check("mscstts")
     [ FAIL 1 | WARN 0 | SKIP 3 | PASS 4 ]
    
     ══ Skipped tests ═══════════════════════════════════════════════════════════════
     • On CRAN (3)
    
     ══ Failed tests ════════════════════════════════════════════════════════════════
     ── Failure (test-regions.R:16:5): Check regions are equal to ms_regions ────────
     all(ms_regions() %in% regions) is not TRUE
    
     `actual`: FALSE
     `expected`: TRUE
    
     [ FAIL 1 | WARN 0 | SKIP 3 | PASS 4 ]
     Error: Test failures
     Execution halted
Flavors: r-devel-linux-x86_64-fedora-clang, r-devel-linux-x86_64-fedora-gcc

Version: 0.6.2
Check: tests
Result: ERROR
     Running 'testthat.R' [3s]
    Running the tests in 'tests/testthat.R' failed.
    Complete output:
     > library(testthat)
     > library(mscstts)
     > library(tuneR)
     >
     > test_check("mscstts")
     [ FAIL 1 | WARN 0 | SKIP 3 | PASS 4 ]
    
     ══ Skipped tests ═══════════════════════════════════════════════════════════════
     • On CRAN (3)
    
     ══ Failed tests ════════════════════════════════════════════════════════════════
     ── Failure (test-regions.R:16:5): Check regions are equal to ms_regions ────────
     all(ms_regions() %in% regions) is not TRUE
    
     `actual`: FALSE
     `expected`: TRUE
    
     [ FAIL 1 | WARN 0 | SKIP 3 | PASS 4 ]
     Error: Test failures
     Execution halted
Flavors: r-devel-windows-x86_64, r-release-windows-x86_64

Version: 0.6.2
Check: tests
Result: ERROR
     Running ‘testthat.R’ [3s/4s]
    Running the tests in ‘tests/testthat.R’ failed.
    Complete output:
     > library(testthat)
     > library(mscstts)
     > library(tuneR)
     >
     > test_check("mscstts")
     [ FAIL 1 | WARN 0 | SKIP 3 | PASS 4 ]
    
     ══ Skipped tests ═══════════════════════════════════════════════════════════════
     • On CRAN (3)
    
     ══ Failed tests ════════════════════════════════════════════════════════════════
     ── Failure (test-regions.R:16:5): Check regions are equal to ms_regions ────────
     all(ms_regions() %in% regions) is not TRUE
    
     `actual`: FALSE
     `expected`: TRUE
    
     [ FAIL 1 | WARN 0 | SKIP 3 | PASS 4 ]
     Error: Test failures
     Execution halted
Flavors: r-patched-linux-x86_64, r-release-linux-x86_64

Version: 0.6.2
Check: tests
Result: ERROR
     Running 'testthat.R' [4s]
    Running the tests in 'tests/testthat.R' failed.
    Complete output:
     > library(testthat)
     > library(mscstts)
     > library(tuneR)
     >
     > test_check("mscstts")
     [ FAIL 1 | WARN 0 | SKIP 3 | PASS 4 ]
    
     == Skipped tests ===============================================================
     * On CRAN (3)
    
     == Failed tests ================================================================
     -- Failure (test-regions.R:16:5): Check regions are equal to ms_regions --------
     all(ms_regions() %in% regions) is not TRUE
    
     `actual`: FALSE
     `expected`: TRUE
    
     [ FAIL 1 | WARN 0 | SKIP 3 | PASS 4 ]
     Error: Test failures
     Execution halted
Flavor: r-oldrel-windows-ix86+x86_64