Last updated on 2025-04-30 02:50:45 CEST.
Flavor | Version | Tinstall | Tcheck | Ttotal | Status | Flags |
---|---|---|---|---|---|---|
r-devel-linux-x86_64-debian-clang | 1.0.5 | 30.85 | 132.02 | 162.87 | OK | |
r-devel-linux-x86_64-debian-gcc | 1.0.5 | 23.50 | 95.39 | 118.89 | OK | |
r-devel-linux-x86_64-fedora-clang | 1.0.5 | 250.60 | OK | |||
r-devel-linux-x86_64-fedora-gcc | 1.0.5 | 329.99 | OK | |||
r-devel-windows-x86_64 | 1.0.5 | 32.00 | 182.00 | 214.00 | OK | |
r-patched-linux-x86_64 | 1.0.5 | 35.06 | 134.62 | 169.68 | OK | |
r-release-linux-x86_64 | 1.0.5 | 35.22 | 135.21 | 170.43 | OK | |
r-release-macos-arm64 | 1.0.5 | 84.00 | OK | |||
r-release-macos-x86_64 | 1.0.5 | 215.00 | OK | |||
r-release-windows-x86_64 | 1.0.5 | 30.00 | 193.00 | 223.00 | OK | |
r-oldrel-macos-arm64 | 1.0.5 | 71.00 | NOTE | |||
r-oldrel-macos-x86_64 | 1.0.5 | 162.00 | NOTE | |||
r-oldrel-windows-x86_64 | 1.0.5 | 35.00 | 209.00 | 244.00 | OK |
Version: 1.0.5
Check: installed package size
Result: NOTE
installed size is 6.5Mb
sub-directories of 1Mb or more:
libs 5.9Mb
Flavors: r-oldrel-macos-arm64, r-oldrel-macos-x86_64