Last updated on 2024-03-28 01:54:03 CET.
Flavor | Version | Tinstall | Tcheck | Ttotal | Status | Flags |
---|---|---|---|---|---|---|
r-devel-linux-x86_64-debian-clang | 0.3.2 | 19.32 | 189.99 | 209.31 | OK | |
r-devel-linux-x86_64-debian-gcc | 0.3.2 | 14.90 | 143.11 | 158.01 | OK | |
r-devel-linux-x86_64-fedora-clang | 0.3.2 | 265.11 | OK | |||
r-devel-linux-x86_64-fedora-gcc | 0.3.2 | 283.34 | OK | |||
r-devel-windows-x86_64 | 0.3.2 | 16.00 | 173.00 | 189.00 | OK | |
r-patched-linux-x86_64 | 0.3.2 | 17.53 | 182.53 | 200.06 | OK | |
r-release-linux-x86_64 | 0.3.2 | 14.32 | 187.21 | 201.53 | OK | |
r-release-macos-arm64 | 0.3.2 | 82.00 | OK | |||
r-release-macos-x86_64 | 0.3.2 | 141.00 | OK | |||
r-release-windows-x86_64 | 0.3.2 | 22.00 | 204.00 | 226.00 | OK | |
r-oldrel-macos-arm64 | 0.3.2 | 67.00 | NOTE | |||
r-oldrel-windows-x86_64 | 0.3.2 | 21.00 | 198.00 | 219.00 | OK |
Version: 0.3.2
Check: re-building of vignette outputs
Result: NOTE
Error(s) in re-building vignettes:
--- re-building ‘visuals_demo.Rmd’ using rmarkdown
Warning in doTryCatch(return(expr), name, parentenv, handler) :
no font could be found for family "Arial"
Warning in doTryCatch(return(expr), name, parentenv, handler) :
no font could be found for family "Arial"
Warning in doTryCatch(return(expr), name, parentenv, handler) :
no font could be found for family "Arial"
Warning in doTryCatch(return(expr), name, parentenv, handler) :
no font could be found for family "Arial"
Warning in doTryCatch(return(expr), name, parentenv, handler) :
no font could be found for family "Arial"
Warning in doTryCatch(return(expr), name, parentenv, handler) :
no font could be found for family "Arial"
Warning in doTryCatch(return(expr), name, parentenv, handler) :
no font could be found for family "Arial"
Warning in doTryCatch(return(expr), name, parentenv, handler) :
no font could be found for family "Arial"
Warning in doTryCatch(return(expr), name, parentenv, handler) :
no font could be found for family "Arial"
Warning in doTryCatch(return(expr), name, parentenv, handler) :
no font could be found for family "Arial"
Warning in doTryCatch(return(expr), name, parentenv, handler) :
no font could be found for family "Arial"
Warning in doTryCatch(return(expr), name, parentenv, handler) :
no font could be found for family "Arial"
Warning in doTryCatch(return(expr), name, parentenv, handler) :
no font could be found for family "Arial"
Warning in doTryCatch(return(expr), name, parentenv, handler) :
no font could be found for family "Arial"
Warning in doTryCatch(return(expr), name, parentenv, handler) :
no font could be found for family "Arial"
Warning in doTryCatch(return(expr), name, parentenv, handler) :
no font could be found for family "Arial"
Warning in doTryCatch(return(expr), name, parentenv, handler) :
no font could be found for family "Arial"
Warning in doTryCatch(return(expr), name, parentenv, handler) :
no font could be found for family "Arial"
Warning in doTryCatch(return(expr), name, parentenv, handler) :
no font could be found for family "Arial"
Warning in doTryCatch(return(expr), name, parentenv, handler) :
no font could be found for family "Arial"
Warning in doTryCatch(return(expr), name, parentenv, handler) :
no font could be found for family "Arial"
Warning in doTryCatch(return(expr), name, parentenv, handler) :
no font could be found for family "Arial"
Warning in doTryCatch(return(expr), name, parentenv, handler) :
no font could be found for family "Arial"
Warning in doTryCatch(return(expr), name, parentenv, handler) :
no font could be found for family "Arial"
Warning in doTryCatch(return(expr), name, parentenv, handler) :
no font could be found for family "Arial"
Warning in doTryCatch(return(expr), name, parentenv, handler) :
no font could be found for family "Arial"
Warning in doTryCatch(return(expr), name, parentenv, handler) :
no font could be found for family "Arial"
Warning in doTryCatch(return(expr), name, parentenv, handler) :
no font could be found for family "Arial"
Warning in doTryCatch(return(expr), name, parentenv, handler) :
no font could be found for family "Arial"
Warning in doTryCatch(return(expr), name, parentenv, handler) :
no font could be found for family "Arial"
Warning in doTryCatch(return(expr), name, parentenv, handler) :
no font could be found for family "Arial"
Warning in doTryCatch(return(expr), name, parentenv, handler) :
no font could be found for family "Arial"
Warning in doTryCatch(return(expr), name, parentenv, handler) :
no font could be found for family "Arial"
Warning in doTryCatch(return(expr), name, parentenv, handler) :
no font could be found for family "Arial"
Warning in doTryCatch(return(expr), name, parentenv, handler) :
no font could be found for family "Arial"
Warning in doTryCatch(return(expr), name, parentenv, handler) :
no font could be found for family "Arial"
Warning in doTryCatch(return(expr), name, parentenv, handler) :
no font could be found for family "Arial"
Warning in doTryCatch(return(expr), name, parentenv, handler) :
no font could be found for family "Arial"
Warning in doTryCatch(return(expr), name, parentenv, handler) :
no font could be found for family "Arial"
Warning in doTryCatch(return(expr), name, parentenv, handler) :
no font could be found for family "Arial"
Warning in doTryCatch(return(expr), name, parentenv, handler) :
no font could be found for family "Arial"
Warning in doTryCatch(return(expr), name, parentenv, handler) :
no font could be found for family "Arial"
Warning in doTryCatch(return(expr), name, parentenv, handler) :
no font could be found for family "Arial"
Warning in doTryCatch(return(expr), name, parentenv, handler) :
no font could be found for family "Arial"
Warning in doTryCatch(return(expr), name, parentenv, handler) :
no font could be found for family "Arial"
Quitting from lines 101-102 (visuals_demo.Rmd)
Error: processing vignette 'visuals_demo.Rmd' failed with diagnostics:
polygon edge not found
--- failed re-building ‘visuals_demo.Rmd’
--- re-building ‘Tutorial.Rnw’ using Sweave
--- finished re-building ‘Tutorial.Rnw’
SUMMARY: processing the following file failed:
‘visuals_demo.Rmd’
Error: Vignette re-building failed.
Execution halted
Flavor: r-oldrel-macos-arm64