CRAN Package Check Results for Package muRty

Last updated on 2022-07-03 01:48:59 CEST.

Flavor Version Tinstall Tcheck Ttotal Status Flags
r-devel-linux-x86_64-debian-clang 0.3.1 3.10 29.00 32.10 NOTE
r-devel-linux-x86_64-debian-gcc 0.3.1 2.26 22.32 24.58 NOTE
r-devel-linux-x86_64-fedora-clang 0.3.1 50.41 NOTE
r-devel-linux-x86_64-fedora-gcc 0.3.1 49.34 NOTE
r-devel-windows-x86_64 0.3.1 10.00 60.00 70.00 NOTE
r-patched-linux-x86_64 0.3.1 2.92 28.61 31.53 NOTE
r-release-linux-x86_64 0.3.1 2.34 28.32 30.66 NOTE
r-release-macos-arm64 0.3.1 16.00 NOTE
r-release-macos-x86_64 0.3.1 24.00 NOTE
r-release-windows-x86_64 0.3.1 6.00 61.00 67.00 NOTE
r-oldrel-macos-arm64 0.3.1 21.00 NOTE
r-oldrel-macos-x86_64 0.3.1 31.00 NOTE
r-oldrel-windows-ix86+x86_64 0.3.1 7.00 52.00 59.00 NOTE

Check Details

Version: 0.3.1
Check: LazyData
Result: NOTE
     'LazyData' is specified without a 'data' directory
Flavors: r-devel-linux-x86_64-debian-clang, r-devel-linux-x86_64-debian-gcc, r-devel-linux-x86_64-fedora-clang, r-devel-linux-x86_64-fedora-gcc, r-devel-windows-x86_64, r-patched-linux-x86_64, r-release-linux-x86_64, r-release-macos-arm64, r-release-macos-x86_64, r-release-windows-x86_64, r-oldrel-macos-arm64, r-oldrel-macos-x86_64, r-oldrel-windows-ix86+x86_64