Last updated on 2025-04-30 02:50:45 CEST.
Flavor | Version | Tinstall | Tcheck | Ttotal | Status | Flags |
---|---|---|---|---|---|---|
r-devel-linux-x86_64-debian-clang | 1.7 | 14.53 | 393.29 | 407.82 | NOTE | |
r-devel-linux-x86_64-debian-gcc | 1.7 | 9.90 | 283.77 | 293.67 | OK | |
r-devel-linux-x86_64-fedora-clang | 1.7 | 595.31 | OK | |||
r-devel-linux-x86_64-fedora-gcc | 1.7 | 683.45 | OK | |||
r-devel-windows-x86_64 | 1.7 | 14.00 | 579.00 | 593.00 | OK | |
r-patched-linux-x86_64 | 1.7 | 13.08 | 382.11 | 395.19 | OK | |
r-release-linux-x86_64 | 1.7 | 13.23 | 379.19 | 392.42 | OK | |
r-release-macos-arm64 | 1.7 | 166.00 | OK | |||
r-release-macos-x86_64 | 1.7 | 388.00 | OK | |||
r-release-windows-x86_64 | 1.7 | 15.00 | 571.00 | 586.00 | OK | |
r-oldrel-macos-arm64 | 1.7 | 236.00 | NOTE | |||
r-oldrel-macos-x86_64 | 1.7 | 445.00 | OK | |||
r-oldrel-windows-x86_64 | 1.7 | 18.00 | 690.00 | 708.00 | OK |
Version: 1.7
Check: examples
Result: NOTE
Examples with CPU (user + system) or elapsed time > 5s
user system elapsed
multibias_adjust 5.083 0.363 7.16
Flavor: r-devel-linux-x86_64-debian-clang
Version: 1.7
Check: installed package size
Result: NOTE
installed size is 5.0Mb
sub-directories of 1Mb or more:
data 4.4Mb
Flavor: r-oldrel-macos-arm64