Last updated on 2024-03-28 01:54:03 CET.
Flavor | Version | Tinstall | Tcheck | Ttotal | Status | Flags |
---|---|---|---|---|---|---|
r-devel-linux-x86_64-debian-clang | 0.8.8.1 | 63.88 | 280.03 | 343.91 | OK | |
r-devel-linux-x86_64-debian-gcc | 0.8.8.1 | 48.03 | 217.30 | 265.33 | OK | |
r-devel-linux-x86_64-fedora-clang | 0.8.8.1 | 429.85 | OK | |||
r-devel-linux-x86_64-fedora-gcc | 0.8.8.1 | 484.70 | OK | |||
r-devel-windows-x86_64 | 0.8.8.1 | 47.00 | 236.00 | 283.00 | OK | |
r-patched-linux-x86_64 | 0.8.8.1 | 53.19 | 216.03 | 269.22 | OK | |
r-release-linux-x86_64 | 0.8.8.1 | 52.50 | 257.26 | 309.76 | OK | |
r-release-macos-arm64 | 0.8.8.1 | 154.00 | NOTE | |||
r-release-macos-x86_64 | 0.8.8.1 | 238.00 | NOTE | |||
r-release-windows-x86_64 | 0.8.8.1 | 63.00 | 300.00 | 363.00 | OK | |
r-oldrel-macos-arm64 | 0.8.8.1 | 151.00 | NOTE | |||
r-oldrel-windows-x86_64 | 0.8.8.1 | 61.00 | 292.00 | 353.00 | OK |
Version: 0.8.8.1
Check: installed package size
Result: NOTE
installed size is 9.9Mb
sub-directories of 1Mb or more:
doc 1.5Mb
libs 7.2Mb
Flavors: r-release-macos-arm64, r-release-macos-x86_64, r-oldrel-macos-arm64