CRAN Package Check Results for Package multiblock

Last updated on 2023-06-07 02:01:06 CEST.

Flavor Version Tinstall Tcheck Ttotal Status Flags
r-devel-linux-x86_64-debian-clang 0.8.6 53.79 276.98 330.77 NOTE
r-devel-linux-x86_64-debian-gcc 0.8.6 43.78 215.77 259.55 NOTE
r-devel-linux-x86_64-fedora-clang 0.8.6 270.77 NOTE
r-devel-linux-x86_64-fedora-gcc 0.8.6 270.26 NOTE
r-devel-windows-x86_64 0.8.6 38.00 218.00 256.00 OK
r-patched-linux-x86_64 0.8.5 48.38 327.68 376.06 OK
r-release-linux-x86_64 0.8.5 56.14 325.84 381.98 OK
r-release-macos-arm64 0.8.6 112.00 NOTE
r-release-macos-x86_64 0.8.5 213.00 NOTE
r-release-windows-x86_64 0.8.6 41.00 259.00 300.00 OK
r-oldrel-macos-arm64 0.8.6 95.00 FAIL
r-oldrel-macos-x86_64 0.8.6 134.00 ERROR
r-oldrel-windows-x86_64 0.8.6 39.00 240.00 279.00 OK

Check Details

Version: 0.8.6
Check: package dependencies
Result: NOTE
    Package suggested but not available for checking: ‘RegularizedSCA’
Flavors: r-devel-linux-x86_64-debian-clang, r-devel-linux-x86_64-debian-gcc, r-devel-linux-x86_64-fedora-clang, r-devel-linux-x86_64-fedora-gcc

Version: 0.8.6
Check: installed package size
Result: NOTE
     installed size is 7.2Mb
     sub-directories of 1Mb or more:
     doc 1.5Mb
     libs 4.5Mb
Flavors: r-release-macos-arm64, r-oldrel-macos-arm64, r-oldrel-macos-x86_64

Version: 0.8.5
Check: installed package size
Result: NOTE
     installed size is 6.8Mb
     sub-directories of 1Mb or more:
     doc 1.5Mb
     libs 4.0Mb
Flavor: r-release-macos-x86_64

Version: 0.8.6
Check: for code/documentation mismatches
Result: FAIL
Flavor: r-oldrel-macos-arm64

Version: 0.8.6
Check: examples
Result: ERROR
    Running examples in ‘multiblock-Ex.R’ failed
    The error most likely occurred in:
    
    > ### Name: basic
    > ### Title: Single- and Two-Block Methods
    > ### Aliases: basic
    >
    > ### ** Examples
    >
    > data(potato)
    > X <- potato$Chemical
    > y <- potato$Sensory[,1,drop=FALSE]
    >
    > pca.pot <- pca(X, ncomp = 2)
    > pcr.pot <- pcr(y ~ X, ncomp = 2)
    > pls.pot <- plsr(y ~ X, ncomp = 2)
    > cca.pot <- cca(potato[1:2])
    > ifa.pot <- ifa(potato[1:2])
    Error in RGCCA::rgcca(blocks = X, connection = matrix(c(0, 1, 1, 0), 2, :
     unused arguments (blocks = X, connection = matrix(c(0, 1, 1, 0), 2, 2))
    Calls: ifa
    Execution halted
Flavor: r-oldrel-macos-x86_64

Version: 0.8.6
Check: re-building of vignette outputs
Result: ERROR
    Error(s) in re-building vignettes:
    --- re-building ‘vignette_A_data.Rmd’ using rmarkdown
    --- finished re-building ‘vignette_A_data.Rmd’
    
    --- re-building ‘vignette_B_basic.Rmd’ using rmarkdown
    
    Quitting from lines 66-79 [unnamed-chunk-3] (vignette_B_basic.Rmd)
    Error: processing vignette 'vignette_B_basic.Rmd' failed with diagnostics:
    unused arguments (blocks = X, connection = matrix(c(0, 1, 1, 0), 2, 2))
    --- failed re-building ‘vignette_B_basic.Rmd’
    
    --- re-building ‘vignette_C_unsupervised.Rmd’ using rmarkdown
    
    Quitting from lines 82-97 [unnamed-chunk-3] (vignette_C_unsupervised.Rmd)
    Error: processing vignette 'vignette_C_unsupervised.Rmd' failed with diagnostics:
    unused arguments (blocks = X, connection = C)
    --- failed re-building ‘vignette_C_unsupervised.Rmd’
    
    --- re-building ‘vignette_D_asca.Rmd’ using rmarkdown
    --- finished re-building ‘vignette_D_asca.Rmd’
    
    --- re-building ‘vignette_E_supervised.Rmd’ using rmarkdown
    --- finished re-building ‘vignette_E_supervised.Rmd’
    
    --- re-building ‘vignette_F_complex.Rmd’ using rmarkdown
    --- finished re-building ‘vignette_F_complex.Rmd’
    
    SUMMARY: processing the following files failed:
     ‘vignette_B_basic.Rmd’ ‘vignette_C_unsupervised.Rmd’
    
    Error: Vignette re-building failed.
    Execution halted
Flavor: r-oldrel-macos-x86_64