Last updated on 2024-03-29 01:51:11 CET.
Flavor | Version | Tinstall | Tcheck | Ttotal | Status | Flags |
---|---|---|---|---|---|---|
r-devel-linux-x86_64-debian-clang | 0.2.6 | 91.76 | 261.97 | 353.73 | OK | |
r-devel-linux-x86_64-debian-gcc | 0.2.6 | 69.69 | 173.76 | 243.45 | OK | |
r-devel-linux-x86_64-fedora-clang | 0.2.6 | 442.27 | OK | |||
r-devel-linux-x86_64-fedora-gcc | 0.2.6 | 458.40 | OK | |||
r-devel-windows-x86_64 | 0.2.6 | 66.00 | 244.00 | 310.00 | OK | |
r-patched-linux-x86_64 | 0.2.6 | 84.68 | 256.06 | 340.74 | OK | |
r-release-linux-x86_64 | 0.2.6 | 88.12 | 253.75 | 341.87 | OK | |
r-release-macos-arm64 | 0.2.6 | 115.00 | NOTE | |||
r-release-macos-x86_64 | 0.2.6 | 297.00 | NOTE | |||
r-release-windows-x86_64 | 0.2.6 | 80.00 | 283.00 | 363.00 | OK | |
r-oldrel-macos-arm64 | 0.2.6 | 115.00 | NOTE | |||
r-oldrel-windows-x86_64 | 0.2.6 | 78.00 | 278.00 | 356.00 | OK |
Version: 0.2.6
Check: installed package size
Result: NOTE
installed size is 6.1Mb
sub-directories of 1Mb or more:
libs 4.7Mb
Flavors: r-release-macos-arm64, r-release-macos-x86_64, r-oldrel-macos-arm64