Last updated on 2024-04-18 01:55:25 CEST.
Flavor | Version | Tinstall | Tcheck | Ttotal | Status | Flags |
---|---|---|---|---|---|---|
r-devel-linux-x86_64-debian-clang | 3.0-0 | 8.47 | 312.05 | 320.52 | NOTE | |
r-devel-linux-x86_64-debian-gcc | 3.0-0 | 5.49 | 210.07 | 215.56 | NOTE | |
r-devel-linux-x86_64-fedora-clang | 3.0-0 | 370.46 | NOTE | |||
r-devel-linux-x86_64-fedora-gcc | 3.0-0 | 372.21 | NOTE | |||
r-prerel-macos-arm64 | 3.0-0 | 89.00 | NOTE | |||
r-prerel-windows-x86_64 | 3.0-0 | 7.00 | 216.00 | 223.00 | NOTE | |
r-patched-linux-x86_64 | 3.0-0 | 6.77 | 298.56 | 305.33 | NOTE | |
r-release-linux-x86_64 | 3.0-0 | 7.20 | 286.35 | 293.55 | OK | |
r-release-macos-arm64 | 3.0-0 | 96.00 | OK | |||
r-release-macos-x86_64 | 3.0-0 | 158.00 | OK | |||
r-release-windows-x86_64 | 3.0-0 | 9.00 | 276.00 | 285.00 | OK | |
r-oldrel-macos-arm64 | 3.0-0 | 88.00 | OK | |||
r-oldrel-windows-x86_64 | 3.0-0 | 9.00 | 279.00 | 288.00 | OK |
Version: 3.0-0
Check: Rd files
Result: NOTE
checkRd: (-1) plotLociHC.Rd:55: Lost braces; missing escapes or markup?
55 | If \code{value} is one of {0.2,0.4,0.6,0.8,1,2,3,4,5,6,7,8,9,10}
| ^
Flavors: r-devel-linux-x86_64-debian-clang, r-devel-linux-x86_64-debian-gcc, r-devel-linux-x86_64-fedora-clang, r-devel-linux-x86_64-fedora-gcc, r-prerel-macos-arm64, r-prerel-windows-x86_64, r-patched-linux-x86_64