CRAN Package Check Results for Package mvnfast

Last updated on 2020-06-03 23:50:33 CEST.

Flavor Version Tinstall Tcheck Ttotal Status Flags
r-devel-linux-x86_64-debian-clang 0.2.5 116.41 231.63 348.04 NOTE
r-devel-linux-x86_64-debian-gcc 0.2.5 92.63 161.82 254.45 NOTE
r-devel-linux-x86_64-fedora-clang 0.2.5 456.47 NOTE
r-devel-linux-x86_64-fedora-gcc 0.2.5 387.26 NOTE
r-devel-windows-ix86+x86_64 0.2.5 293.00 375.00 668.00 NOTE
r-patched-linux-x86_64 0.2.5 91.14 194.27 285.41 NOTE
r-patched-solaris-x86 0.2.5 380.40 NOTE --no-vignettes
r-release-linux-x86_64 0.2.5 92.10 195.70 287.80 NOTE
r-release-osx-x86_64 0.2.5 NOTE
r-release-windows-ix86+x86_64 0.2.5 219.00 412.00 631.00 NOTE
r-oldrel-osx-x86_64 0.2.5 NOTE
r-oldrel-windows-ix86+x86_64 0.2.5 279.00 402.00 681.00 NOTE

Check Details

Version: 0.2.5
Check: line endings in C/C++/Fortran sources/headers
Result: NOTE
    Found the following sources/headers not terminated with a newline:
     src/sitmo/sitmo.hpp
    Some compilers warn on such files.
Flavors: r-devel-linux-x86_64-debian-clang, r-devel-linux-x86_64-debian-gcc, r-devel-linux-x86_64-fedora-clang, r-devel-linux-x86_64-fedora-gcc, r-devel-windows-ix86+x86_64, r-patched-linux-x86_64, r-release-linux-x86_64, r-release-osx-x86_64, r-release-windows-ix86+x86_64, r-oldrel-osx-x86_64, r-oldrel-windows-ix86+x86_64

Version: 0.2.5
Flags: --no-vignettes
Check: line endings in C/C++/Fortran sources/headers
Result: NOTE
    Found the following sources/headers not terminated with a newline:
     src/sitmo/sitmo.hpp
    Some compilers warn on such files.
Flavor: r-patched-solaris-x86