Last updated on 2024-04-27 01:52:19 CEST.
Flavor | Version | Tinstall | Tcheck | Ttotal | Status | Flags |
---|---|---|---|---|---|---|
r-devel-linux-x86_64-debian-clang | 0.1.5 | 51.55 | 88.34 | 139.89 | WARN | |
r-devel-linux-x86_64-debian-gcc | 0.1.5 | 35.43 | 64.99 | 100.42 | OK | |
r-devel-linux-x86_64-fedora-clang | 0.1.5 | 177.06 | OK | |||
r-devel-linux-x86_64-fedora-gcc | 0.1.5 | 201.51 | OK | |||
r-devel-windows-x86_64 | 0.1.5 | 36.00 | 100.00 | 136.00 | OK | |
r-patched-linux-x86_64 | 0.1.5 | 45.53 | 83.78 | 129.31 | OK | |
r-release-linux-x86_64 | 0.1.5 | 44.99 | 86.36 | 131.35 | OK | |
r-release-macos-arm64 | 0.1.5 | 49.00 | OK | |||
r-release-windows-x86_64 | 0.1.5 | 37.00 | 100.00 | 137.00 | OK | |
r-oldrel-macos-arm64 | 0.1.5 | 54.00 | OK | |||
r-oldrel-macos-x86_64 | 0.1.5 | 116.00 | OK | |||
r-oldrel-windows-x86_64 | 0.1.5 | 46.00 | 123.00 | 169.00 | OK |
Version: 0.1.5
Check: whether package can be installed
Result: WARN
Found the following significant warnings:
/usr/bin/../lib/gcc/x86_64-linux-gnu/14/../../../../include/c++/14/functional:558:2: warning: 'result_of<(lambda at /home/hornik/tmp/R.check/r-devel-clang/Work/build/Packages/RcppThread/include/RcppThread/ThreadPool.hpp:187:24) &()>' is deprecated: use 'std::invoke_result' instead [-Wdeprecated-declarations]
/usr/bin/../lib/gcc/x86_64-linux-gnu/14/../../../../include/c++/14/functional:558:2: warning: 'result_of<std::_Bind<(lambda at /home/hornik/tmp/R.check/r-devel-clang/Work/build/Packages/RcppThread/include/RcppThread/ThreadPool.hpp:187:24) ()> &()>' is deprecated: use 'std::invoke_result' instead [-Wdeprecated-declarations]
/usr/bin/../lib/gcc/x86_64-linux-gnu/14/../../../../include/c++/14/functional:558:2: warning: 'result_of<(lambda at /home/hornik/tmp/R.check/r-devel-clang/Work/build/Packages/RcppThread/include/RcppThread/ThreadPool.hpp:200:24) &()>' is deprecated: use 'std::invoke_result' instead [-Wdeprecated-declarations]
/usr/bin/../lib/gcc/x86_64-linux-gnu/14/../../../../include/c++/14/functional:558:2: warning: 'result_of<std::_Bind<(lambda at /home/hornik/tmp/R.check/r-devel-clang/Work/build/Packages/RcppThread/include/RcppThread/ThreadPool.hpp:200:24) ()> &()>' is deprecated: use 'std::invoke_result' instead [-Wdeprecated-declarations]
See ‘/home/hornik/tmp/R.check/r-devel-clang/Work/PKGS/mvrsquared.Rcheck/00install.out’ for details.
* used C++ compiler: ‘Debian clang version 18.1.0 (rc4-1)’
Flavor: r-devel-linux-x86_64-debian-clang