Last updated on 2025-11-11 02:50:47 CET.
| Flavor | Version | Tinstall | Tcheck | Ttotal | Status | Flags |
|---|---|---|---|---|---|---|
| r-devel-linux-x86_64-debian-clang | 0.1.0 | 70.02 | 122.68 | 192.70 | NOTE | |
| r-devel-linux-x86_64-debian-gcc | 0.1.0 | 43.63 | 87.82 | 131.45 | NOTE | |
| r-devel-linux-x86_64-fedora-clang | 0.1.0 | 315.00 | 37.78 | 352.78 | NOTE | |
| r-devel-linux-x86_64-fedora-gcc | 0.1.0 | 128.00 | 178.86 | 306.86 | NOTE | |
| r-devel-windows-x86_64 | 0.1.0 | 90.00 | 130.00 | 220.00 | NOTE | |
| r-patched-linux-x86_64 | 0.1.0 | 67.89 | 120.94 | 188.83 | NOTE | |
| r-release-linux-x86_64 | 0.1.0 | 65.73 | 110.65 | 176.38 | NOTE | |
| r-release-macos-arm64 | 0.1.0 | 27.00 | 57.00 | 84.00 | NOTE | |
| r-release-macos-x86_64 | 0.1.0 | 27.00 | 109.00 | 136.00 | NOTE | |
| r-release-windows-x86_64 | 0.1.0 | 87.00 | 131.00 | 218.00 | NOTE | |
| r-oldrel-macos-arm64 | 0.1.0 | 26.00 | 66.00 | 92.00 | OK | |
| r-oldrel-macos-x86_64 | 0.1.0 | 31.00 | 172.00 | 203.00 | OK | |
| r-oldrel-windows-x86_64 | 0.1.0 | 1.00 | 9.00 | 10.00 | ERROR |
Version: 0.1.0
Check: DESCRIPTION meta-information
Result: NOTE
Missing dependency on R >= 4.2.0 because package code uses the pipe
placeholder syntax added in R 4.2.0.
File(s) using such syntax:
‘get_individual_algebra_results.R’
Flavors: r-devel-linux-x86_64-debian-clang, r-devel-linux-x86_64-debian-gcc, r-devel-linux-x86_64-fedora-clang, r-devel-linux-x86_64-fedora-gcc, r-devel-windows-x86_64, r-patched-linux-x86_64, r-release-linux-x86_64, r-release-macos-arm64, r-release-macos-x86_64, r-release-windows-x86_64
Version: 0.1.0
Check: package dependencies
Result: ERROR
Package required but not available: 'OpenMx'
See section 'The DESCRIPTION file' in the 'Writing R Extensions'
manual.
Flavor: r-oldrel-windows-x86_64