Last updated on 2024-08-16 01:48:24 CEST.
Flavor | Version | Tinstall | Tcheck | Ttotal | Status | Flags |
---|---|---|---|---|---|---|
r-devel-linux-x86_64-debian-clang | 1.1.0 | 11.18 | 271.48 | 282.66 | NOTE | |
r-devel-linux-x86_64-debian-gcc | 1.1.0 | 6.99 | 189.33 | 196.32 | NOTE | |
r-devel-linux-x86_64-fedora-clang | 1.1.0 | 416.31 | NOTE | |||
r-devel-linux-x86_64-fedora-gcc | 1.1.0 | 430.12 | NOTE | |||
r-devel-windows-x86_64 | 1.1.0 | 12.00 | 329.00 | 341.00 | NOTE | |
r-patched-linux-x86_64 | 1.1.0 | 12.42 | 244.01 | 256.43 | NOTE | |
r-release-linux-x86_64 | 1.1.0 | 10.19 | 258.38 | 268.57 | NOTE | |
r-release-macos-arm64 | 1.1.0 | 140.00 | NOTE | |||
r-release-macos-x86_64 | 1.1.0 | 230.00 | NOTE | |||
r-release-windows-x86_64 | 1.1.0 | 11.00 | 329.00 | 340.00 | NOTE | |
r-oldrel-macos-arm64 | 1.1.0 | 131.00 | NOTE | |||
r-oldrel-macos-x86_64 | 1.1.0 | 292.00 | NOTE | |||
r-oldrel-windows-x86_64 | 1.1.0 | 15.00 | 376.00 | 391.00 | NOTE |
Version: 1.1.0
Check: package dependencies
Result: NOTE
Package suggested but not available for checking: ‘rTubeDB’
Flavors: r-devel-linux-x86_64-debian-clang, r-devel-linux-x86_64-debian-gcc, r-devel-linux-x86_64-fedora-clang, r-devel-linux-x86_64-fedora-gcc, r-devel-windows-x86_64, r-patched-linux-x86_64, r-release-linux-x86_64, r-release-macos-arm64, r-release-macos-x86_64, r-release-windows-x86_64, r-oldrel-macos-arm64, r-oldrel-macos-x86_64, r-oldrel-windows-x86_64
Version: 1.1.0
Check: Rd cross-references
Result: NOTE
Package unavailable to check Rd xrefs: ‘rTubeDB’
Flavors: r-devel-linux-x86_64-debian-clang, r-devel-linux-x86_64-debian-gcc, r-devel-linux-x86_64-fedora-clang, r-devel-linux-x86_64-fedora-gcc, r-devel-windows-x86_64, r-patched-linux-x86_64, r-release-linux-x86_64, r-release-macos-arm64, r-release-macos-x86_64, r-release-windows-x86_64, r-oldrel-macos-arm64, r-oldrel-macos-x86_64, r-oldrel-windows-x86_64
Version: 1.1.0
Check: data for non-ASCII characters
Result: NOTE
Note: found 4 marked UTF-8 strings
Flavors: r-devel-linux-x86_64-fedora-clang, r-devel-linux-x86_64-fedora-gcc