CRAN Package Check Results for Package n1qn1

Last updated on 2022-05-17 02:53:15 CEST.

Flavor Version Tinstall Tcheck Ttotal Status Flags
r-devel-linux-x86_64-debian-clang 6.0.1-10 17.85 37.26 55.11 NOTE
r-devel-linux-x86_64-debian-gcc 6.0.1-10 13.98 29.19 43.17 NOTE
r-devel-linux-x86_64-fedora-clang 6.0.1-10 76.02 NOTE
r-devel-linux-x86_64-fedora-gcc 6.0.1-10 72.37 NOTE
r-devel-windows-x86_64 6.0.1-10 27.00 77.00 104.00 NOTE
r-patched-linux-x86_64 6.0.1-10 17.60 36.74 54.34 NOTE
r-release-linux-x86_64 6.0.1-10 16.54 35.90 52.44 NOTE
r-release-macos-arm64 6.0.1-10 24.00 NOTE
r-release-macos-x86_64 6.0.1-10 33.00 NOTE
r-release-windows-x86_64 6.0.1-10 31.00 80.00 111.00 NOTE
r-oldrel-macos-arm64 6.0.1-10 25.00 NOTE
r-oldrel-macos-x86_64 6.0.1-10 44.00 NOTE
r-oldrel-windows-ix86+x86_64 6.0.1-10 57.00 74.00 131.00 NOTE

Check Details

Version: 6.0.1-10
Check: LazyData
Result: NOTE
     'LazyData' is specified without a 'data' directory
Flavors: r-devel-linux-x86_64-debian-clang, r-devel-linux-x86_64-debian-gcc, r-devel-linux-x86_64-fedora-clang, r-devel-linux-x86_64-fedora-gcc, r-devel-windows-x86_64, r-patched-linux-x86_64, r-release-linux-x86_64, r-release-macos-arm64, r-release-macos-x86_64, r-release-windows-x86_64, r-oldrel-macos-arm64, r-oldrel-macos-x86_64, r-oldrel-windows-ix86+x86_64