Last updated on 2024-04-18 01:55:25 CEST.
Flavor | Version | Tinstall | Tcheck | Ttotal | Status | Flags |
---|---|---|---|---|---|---|
r-devel-linux-x86_64-debian-clang | 1.0.5 | 10.41 | 86.22 | 96.63 | NOTE | |
r-devel-linux-x86_64-debian-gcc | 1.0.5 | 7.31 | 65.24 | 72.55 | NOTE | |
r-devel-linux-x86_64-fedora-clang | 1.0.5 | 115.09 | NOTE | |||
r-devel-linux-x86_64-fedora-gcc | 1.0.5 | 112.70 | NOTE | |||
r-prerel-macos-arm64 | 1.0.5 | 39.00 | NOTE | |||
r-prerel-windows-x86_64 | 1.0.5 | 10.00 | 82.00 | 92.00 | NOTE | |
r-patched-linux-x86_64 | 1.0.5 | 8.47 | 83.65 | 92.12 | NOTE | |
r-release-linux-x86_64 | 1.0.5 | 9.39 | 87.00 | 96.39 | OK | |
r-release-macos-arm64 | 1.0.5 | 41.00 | OK | |||
r-release-macos-x86_64 | 1.0.5 | 66.00 | OK | |||
r-release-windows-x86_64 | 1.0.5 | 11.00 | 96.00 | 107.00 | OK | |
r-oldrel-macos-arm64 | 1.0.5 | 35.00 | OK | |||
r-oldrel-windows-x86_64 | 1.0.5 | 12.00 | 102.00 | 114.00 | OK |
Version: 1.0.5
Check: Rd files
Result: NOTE
checkRd: (-1) DSIVdata.Rd:15-23: Lost braces
15 | for(i in 1:50){
| ^
checkRd: (-1) DSIVdata.Rd:17-21: Lost braces
17 | for(j in 1:50){
| ^
checkRd: (-1) DSIVdata.Rd:31-39: Lost braces
31 | for(i in 1:20){
| ^
checkRd: (-1) DSIVdata.Rd:33-37: Lost braces
33 | for(j in 1:20){
| ^
checkRd: (-1) DSLIVEdata.Rd:10-18: Lost braces
10 | for(i in 1:200){
| ^
checkRd: (-1) DSLIVEdata.Rd:12-16: Lost braces
12 | for(j in 1:200){
| ^
checkRd: (-1) DSLIVEdata.Rd:26-34: Lost braces
26 | for(i in 1:20){
| ^
checkRd: (-1) DSLIVEdata.Rd:28-32: Lost braces
28 | for(j in 1:20){
| ^
checkRd: (-1) DSLIVEdata.Rd:50-54: Lost braces
50 | for(kk in 1:length(p)){
| ^
Flavors: r-devel-linux-x86_64-debian-clang, r-devel-linux-x86_64-debian-gcc, r-devel-linux-x86_64-fedora-clang, r-devel-linux-x86_64-fedora-gcc, r-prerel-macos-arm64, r-prerel-windows-x86_64, r-patched-linux-x86_64