Last updated on 2024-08-16 01:48:24 CEST.
Flavor | Version | Tinstall | Tcheck | Ttotal | Status | Flags |
---|---|---|---|---|---|---|
r-devel-linux-x86_64-debian-clang | 0.1.3 | 554.41 | 40.57 | 594.98 | OK | |
r-devel-linux-x86_64-debian-gcc | 0.1.3 | 390.64 | 30.73 | 421.37 | OK | |
r-devel-linux-x86_64-fedora-clang | 0.1.3 | 1311.41 | NOTE | |||
r-devel-linux-x86_64-fedora-gcc | 0.1.3 | 1300.42 | NOTE | |||
r-devel-windows-x86_64 | 0.1.3 | 540.00 | 89.00 | 629.00 | NOTE | |
r-patched-linux-x86_64 | 0.1.3 | 560.85 | 38.87 | 599.72 | OK | |
r-release-linux-x86_64 | 0.1.3 | 550.06 | 38.49 | 588.55 | OK | |
r-release-macos-arm64 | 0.1.3 | 260.00 | NOTE | |||
r-release-macos-x86_64 | 0.1.3 | 231.00 | NOTE | |||
r-release-windows-x86_64 | 0.1.3 | 557.00 | 89.00 | 646.00 | NOTE | |
r-oldrel-macos-arm64 | 0.1.3 | 342.00 | NOTE | |||
r-oldrel-macos-x86_64 | 0.1.3 | 251.00 | NOTE | |||
r-oldrel-windows-x86_64 | 0.1.3 | 514.00 | 102.00 | 616.00 | NOTE |
Version: 0.1.3
Check: installed package size
Result: NOTE
installed size is 5.1Mb
sub-directories of 1Mb or more:
data 1.9Mb
libs 1.9Mb
models 1.1Mb
Flavors: r-devel-linux-x86_64-fedora-clang, r-devel-windows-x86_64, r-release-macos-arm64, r-release-macos-x86_64, r-release-windows-x86_64, r-oldrel-macos-arm64, r-oldrel-macos-x86_64, r-oldrel-windows-x86_64
Version: 0.1.3
Check: data for non-ASCII characters
Result: NOTE
Note: found 47936 marked UTF-8 strings
Flavors: r-devel-linux-x86_64-fedora-clang, r-devel-linux-x86_64-fedora-gcc