Last updated on 2024-04-24 01:52:18 CEST.
Flavor | Version | Tinstall | Tcheck | Ttotal | Status | Flags |
---|---|---|---|---|---|---|
r-devel-linux-x86_64-debian-clang | 2.6.26 | 134.40 | 58.16 | 192.56 | NOTE | |
r-devel-linux-x86_64-debian-gcc | 2.6.26 | 120.09 | 42.31 | 162.40 | NOTE | |
r-devel-linux-x86_64-fedora-clang | 2.6.26 | 341.77 | NOTE | |||
r-devel-linux-x86_64-fedora-gcc | 2.6.26 | 317.53 | NOTE | |||
r-prerel-macos-arm64 | 2.6.26 | 85.00 | NOTE | |||
r-patched-linux-x86_64 | 2.6.26 | 157.20 | 55.06 | 212.26 | OK | |
r-release-linux-x86_64 | 2.6.26 | 103.41 | 51.77 | 155.18 | OK | |
r-release-macos-arm64 | 2.6.26 | 75.00 | NOTE | |||
r-release-macos-x86_64 | 2.6.26 | 117.00 | NOTE | |||
r-oldrel-macos-arm64 | 2.6.26 | 69.00 | NOTE |
Version: 2.6.26
Check: compiled code
Result: NOTE
File ‘naryn/libs/naryn.so’:
Found non-API call to R: ‘R_curErrorBuf’
Compiled code should not call non-API entry points in R.
See ‘Writing portable packages’ in the ‘Writing R Extensions’ manual.
Flavors: r-devel-linux-x86_64-debian-clang, r-devel-linux-x86_64-debian-gcc, r-devel-linux-x86_64-fedora-clang, r-devel-linux-x86_64-fedora-gcc
Version: 2.6.26
Check: installed package size
Result: NOTE
installed size is 11.1Mb
sub-directories of 1Mb or more:
libs 10.5Mb
Flavors: r-prerel-macos-arm64, r-release-macos-arm64, r-release-macos-x86_64, r-oldrel-macos-arm64