Last updated on 2023-05-28 01:54:03 CEST.
Flavor | Version | Tinstall | Tcheck | Ttotal | Status | Flags |
---|---|---|---|---|---|---|
r-devel-linux-x86_64-debian-clang | 2.6.14 | 129.55 | 48.93 | 178.48 | NOTE | |
r-devel-linux-x86_64-debian-gcc | 2.6.14 | 114.44 | 37.39 | 151.83 | NOTE | |
r-devel-linux-x86_64-fedora-clang | 2.6.14 | 292.14 | NOTE | |||
r-devel-linux-x86_64-fedora-gcc | 2.6.14 | 289.13 | NOTE | |||
r-patched-linux-x86_64 | 2.6.14 | 83.89 | 46.70 | 130.59 | NOTE | |
r-release-linux-x86_64 | 2.6.14 | 86.49 | 46.88 | 133.37 | NOTE | |
r-release-macos-arm64 | 2.6.14 | 89.00 | NOTE | |||
r-release-macos-x86_64 | 2.6.14 | 140.00 | NOTE | |||
r-oldrel-macos-arm64 | 2.6.14 | 75.00 | NOTE | |||
r-oldrel-macos-x86_64 | 2.6.14 | 88.00 | NOTE |
Version: 2.6.14
Check: C++ specification
Result: NOTE
Specified C++11: please drop specification unless essential
Flavors: r-devel-linux-x86_64-debian-clang, r-devel-linux-x86_64-debian-gcc, r-devel-linux-x86_64-fedora-clang, r-devel-linux-x86_64-fedora-gcc, r-patched-linux-x86_64, r-release-linux-x86_64, r-release-macos-arm64, r-release-macos-x86_64
Version: 2.6.14
Check: installed package size
Result: NOTE
installed size is 12.9Mb
sub-directories of 1Mb or more:
libs 12.4Mb
Flavors: r-release-macos-arm64, r-release-macos-x86_64, r-oldrel-macos-arm64, r-oldrel-macos-x86_64