Last updated on 2023-06-06 01:54:08 CEST.
Flavor | Version | Tinstall | Tcheck | Ttotal | Status | Flags |
---|---|---|---|---|---|---|
r-devel-linux-x86_64-debian-clang | 0.1 | 68.94 | 86.41 | 155.35 | NOTE | |
r-devel-linux-x86_64-debian-gcc | 0.1 | 55.24 | 67.44 | 122.68 | NOTE | |
r-devel-linux-x86_64-fedora-clang | 0.1 | 201.83 | NOTE | |||
r-devel-linux-x86_64-fedora-gcc | 0.1 | 227.63 | NOTE | |||
r-devel-windows-x86_64 | 0.1 | 53.00 | 109.00 | 162.00 | NOTE | |
r-patched-linux-x86_64 | 0.1 | 63.75 | 83.41 | 147.16 | NOTE | |
r-release-linux-x86_64 | 0.1 | 65.35 | 83.28 | 148.63 | NOTE | |
r-release-macos-arm64 | 0.1 | 68.00 | NOTE | |||
r-release-macos-x86_64 | 0.1 | 111.00 | NOTE | |||
r-release-windows-x86_64 | 0.1 | 68.00 | 124.00 | 192.00 | NOTE | |
r-oldrel-macos-arm64 | 0.1 | 54.00 | NOTE | |||
r-oldrel-macos-x86_64 | 0.1 | 99.00 | NOTE | |||
r-oldrel-windows-x86_64 | 0.1 | 66.00 | 120.00 | 186.00 | OK |
Version: 0.1
Check: C++ specification
Result: NOTE
Specified C++11: please drop specification unless essential
Flavors: r-devel-linux-x86_64-debian-clang, r-devel-linux-x86_64-debian-gcc, r-devel-linux-x86_64-fedora-clang, r-devel-linux-x86_64-fedora-gcc, r-devel-windows-x86_64, r-patched-linux-x86_64, r-release-linux-x86_64, r-release-macos-arm64, r-release-macos-x86_64, r-release-windows-x86_64
Version: 0.1
Check: dependencies in R code
Result: NOTE
Namespaces in Imports field not imported from:
‘glmnet’ ‘rrpack’
All declared Imports should be used.
Flavors: r-devel-linux-x86_64-fedora-clang, r-devel-linux-x86_64-fedora-gcc, r-oldrel-macos-arm64, r-oldrel-macos-x86_64
Version: 0.1
Check: installed package size
Result: NOTE
installed size is 7.1Mb
sub-directories of 1Mb or more:
libs 6.8Mb
Flavors: r-release-macos-arm64, r-release-macos-x86_64, r-oldrel-macos-arm64, r-oldrel-macos-x86_64