Last updated on 2024-04-18 01:55:25 CEST.
Flavor | Version | Tinstall | Tcheck | Ttotal | Status | Flags |
---|---|---|---|---|---|---|
r-devel-linux-x86_64-debian-clang | 0.9.0 | 26.83 | 30.81 | 57.64 | OK | |
r-devel-linux-x86_64-debian-gcc | 0.9.0 | 25.62 | 23.42 | 49.04 | OK | |
r-devel-linux-x86_64-fedora-clang | 0.9.0 | 82.93 | OK | |||
r-devel-linux-x86_64-fedora-gcc | 0.9.0 | 83.24 | OK | |||
r-prerel-macos-arm64 | 0.9.0 | 25.00 | OK | |||
r-prerel-windows-x86_64 | 0.9.0 | 24.00 | 62.00 | 86.00 | NOTE | |
r-patched-linux-x86_64 | 0.9.0 | 33.08 | 28.86 | 61.94 | OK | |
r-release-linux-x86_64 | 0.9.0 | 30.09 | 29.77 | 59.86 | OK | |
r-release-macos-arm64 | 0.9.0 | 28.00 | OK | |||
r-release-macos-x86_64 | 0.9.0 | 42.00 | OK | |||
r-release-windows-x86_64 | 0.9.0 | 30.00 | 74.00 | 104.00 | NOTE | |
r-oldrel-macos-arm64 | 0.9.0 | 32.00 | OK | |||
r-oldrel-windows-x86_64 | 0.9.0 | 30.00 | 71.00 | 101.00 | OK |
Version: 0.9.0
Check: C++ specification
Result: NOTE
Specified C++14: please drop specification unless essential
Flavors: r-prerel-windows-x86_64, r-release-windows-x86_64