Last updated on 2024-08-16 01:48:24 CEST.
Flavor | Version | Tinstall | Tcheck | Ttotal | Status | Flags |
---|---|---|---|---|---|---|
r-devel-linux-x86_64-debian-clang | 1.6.1 | 11.14 | 156.14 | 167.28 | OK | |
r-devel-linux-x86_64-debian-gcc | 1.6.1 | 6.87 | 111.06 | 117.93 | OK | |
r-devel-linux-x86_64-fedora-clang | 1.6.1 | 285.93 | NOTE | |||
r-devel-linux-x86_64-fedora-gcc | 1.6.1 | 279.08 | NOTE | |||
r-devel-windows-x86_64 | 1.6.1 | 13.00 | 162.00 | 175.00 | OK | |
r-patched-linux-x86_64 | 1.6.1 | 11.06 | 150.51 | 161.57 | OK | |
r-release-linux-x86_64 | 1.6.1 | 10.01 | 151.77 | 161.78 | OK | |
r-release-macos-arm64 | 1.6.1 | 89.00 | OK | |||
r-release-macos-x86_64 | 1.6.1 | 152.00 | OK | |||
r-release-windows-x86_64 | 1.6.1 | 13.00 | 166.00 | 179.00 | OK | |
r-oldrel-macos-arm64 | 1.6.1 | 112.00 | OK | |||
r-oldrel-macos-x86_64 | 1.6.1 | 195.00 | OK | |||
r-oldrel-windows-x86_64 | 1.6.1 | 16.00 | 190.00 | 206.00 | OK |
Version: 1.6.1
Check: data for non-ASCII characters
Result: NOTE
Note: found 1008 marked UTF-8 strings
Flavors: r-devel-linux-x86_64-fedora-clang, r-devel-linux-x86_64-fedora-gcc