Last updated on 2024-04-19 01:58:51 CEST.
Flavor | Version | Tinstall | Tcheck | Ttotal | Status | Flags |
---|---|---|---|---|---|---|
r-devel-linux-x86_64-debian-clang | 1.22.6 | 157.91 | 465.81 | 623.72 | OK | |
r-devel-linux-x86_64-debian-gcc | 1.22.6 | 133.27 | 336.00 | 469.27 | OK | |
r-devel-linux-x86_64-fedora-clang | 1.22.6 | 826.26 | OK | |||
r-devel-linux-x86_64-fedora-gcc | 1.22.6 | 833.32 | OK | |||
r-prerel-macos-arm64 | 1.22.6 | 177.00 | NOTE | |||
r-prerel-windows-x86_64 | 1.22.6 | 127.00 | 266.00 | 393.00 | NOTE | --no-vignettes |
r-patched-linux-x86_64 | 1.22.6 | 172.37 | 444.44 | 616.81 | OK | |
r-release-linux-x86_64 | 1.22.6 | 118.84 | 455.37 | 574.21 | OK | |
r-release-macos-arm64 | 1.22.6 | 195.00 | NOTE | |||
r-release-macos-x86_64 | 1.22.6 | 361.00 | NOTE | |||
r-release-windows-x86_64 | 1.22.6 | 160.00 | 319.00 | 479.00 | NOTE | --no-vignettes |
r-oldrel-macos-arm64 | 1.22.6 | 204.00 | NOTE | |||
r-oldrel-windows-x86_64 | 1.22.6 | 159.00 | 310.00 | 469.00 | NOTE | --no-vignettes |
Version: 1.22.6
Check: installed package size
Result: NOTE
installed size is 9.9Mb
sub-directories of 1Mb or more:
doc 2.5Mb
libs 5.5Mb
Flavors: r-prerel-macos-arm64, r-release-macos-arm64, r-release-macos-x86_64, r-oldrel-macos-arm64
Version: 1.22.6
Flags: --no-vignettes
Check: installed package size
Result: NOTE
installed size is 5.8Mb
sub-directories of 1Mb or more:
doc 2.5Mb
libs 1.5Mb
Flavors: r-prerel-windows-x86_64, r-release-windows-x86_64, r-oldrel-windows-x86_64