Last updated on 2025-01-19 01:48:29 CET.
Flavor | Version | Tinstall | Tcheck | Ttotal | Status | Flags |
---|---|---|---|---|---|---|
r-devel-linux-x86_64-debian-clang | 1.14.3 | 11.35 | 126.71 | 138.06 | NOTE | |
r-devel-linux-x86_64-debian-gcc | 1.14.3 | 7.54 | 97.75 | 105.29 | NOTE | |
r-devel-linux-x86_64-fedora-clang | 1.14.3 | 214.12 | OK | |||
r-devel-linux-x86_64-fedora-gcc | 1.14.3 | 203.05 | OK | |||
r-devel-windows-x86_64 | 1.14.3 | 12.00 | 130.00 | 142.00 | NOTE | |
r-patched-linux-x86_64 | 1.14.3 | 10.67 | 120.14 | 130.81 | OK | |
r-release-linux-x86_64 | 1.14.3 | 9.16 | 118.20 | 127.36 | OK | |
r-release-macos-arm64 | 1.14.3 | 60.00 | OK | |||
r-release-macos-x86_64 | 1.14.3 | 124.00 | OK | |||
r-release-windows-x86_64 | 1.14.3 | 12.00 | 137.00 | 149.00 | OK | |
r-oldrel-macos-arm64 | 1.14.3 | 60.00 | OK | |||
r-oldrel-macos-x86_64 | 1.14.3 | 166.00 | OK | |||
r-oldrel-windows-x86_64 | 1.14.3 | 14.00 | 172.00 | 186.00 | OK |
Version: 1.14.3
Check: Rd cross-references
Result: NOTE
Found the following Rd file(s) with Rd \link{} targets missing package
anchors:
plot.select.Rd: select
Please provide package anchors for all Rd \link{} targets not in the
package itself and the base packages.
Flavors: r-devel-linux-x86_64-debian-clang, r-devel-linux-x86_64-debian-gcc, r-devel-windows-x86_64