Last updated on 2022-06-30 01:49:14 CEST.
Flavor | Version | Tinstall | Tcheck | Ttotal | Status | Flags |
---|---|---|---|---|---|---|
r-devel-linux-x86_64-debian-clang | 1.5.0 | 16.72 | 149.07 | 165.79 | OK | |
r-devel-linux-x86_64-debian-gcc | 1.5.0 | 14.26 | 112.00 | 126.26 | OK | |
r-devel-linux-x86_64-fedora-clang | 1.5.0 | 218.43 | WARN | |||
r-devel-linux-x86_64-fedora-gcc | 1.5.0 | 211.08 | WARN | |||
r-devel-windows-x86_64 | 1.5.0 | 36.00 | 163.00 | 199.00 | OK | |
r-patched-linux-x86_64 | 1.5.0 | 17.37 | 144.22 | 161.59 | OK | |
r-release-linux-x86_64 | 1.5.0 | 17.11 | 141.33 | 158.44 | OK | |
r-release-macos-arm64 | 1.5.0 | 51.00 | OK | |||
r-release-macos-x86_64 | 1.5.0 | 79.00 | OK | |||
r-release-windows-x86_64 | 1.5.0 | 29.00 | 171.00 | 200.00 | OK | |
r-oldrel-macos-arm64 | 1.5.0 | 57.00 | OK | |||
r-oldrel-macos-x86_64 | 1.5.0 | 72.00 | OK | |||
r-oldrel-windows-ix86+x86_64 | 1.5.0 | 40.00 | 167.00 | 207.00 | OK |
Version: 1.5.0
Check: package dependencies
Result: WARN
Requires (indirectly) orphaned package: ‘gtools’
Flavors: r-devel-linux-x86_64-fedora-clang, r-devel-linux-x86_64-fedora-gcc