Last updated on 2025-11-12 02:53:03 CET.
| Flavor | Version | Tinstall | Tcheck | Ttotal | Status | Flags |
|---|---|---|---|---|---|---|
| r-devel-linux-x86_64-debian-clang | 1.0.0 | 3.79 | 127.29 | 131.08 | OK | |
| r-devel-linux-x86_64-debian-gcc | 1.0.0 | 2.88 | 105.93 | 108.81 | OK | |
| r-devel-linux-x86_64-fedora-clang | 1.0.0 | 194.36 | OK | |||
| r-devel-linux-x86_64-fedora-gcc | 1.0.0 | 242.93 | OK | |||
| r-devel-windows-x86_64 | 1.0.0 | 7.00 | 160.00 | 167.00 | OK | |
| r-patched-linux-x86_64 | 1.0.0 | 3.94 | 120.56 | 124.50 | OK | |
| r-release-linux-x86_64 | 1.0.0 | 3.76 | 121.98 | 125.74 | OK | |
| r-release-macos-arm64 | 1.0.0 | 2.00 | 106.00 | 108.00 | OK | |
| r-release-macos-x86_64 | 1.0.0 | 3.00 | 180.00 | 183.00 | OK | |
| r-release-windows-x86_64 | 1.0.0 | 6.00 | 167.00 | 173.00 | OK | |
| r-oldrel-macos-arm64 | 1.0.0 | 2.00 | 90.00 | 92.00 | NOTE | |
| r-oldrel-macos-x86_64 | 1.0.0 | 3.00 | 164.00 | 167.00 | NOTE | |
| r-oldrel-windows-x86_64 | 1.0.0 | 9.00 | 197.00 | 206.00 | NOTE |
Version: 1.0.0
Check: package dependencies
Result: NOTE
Packages suggested but not available for checking:
'BPST', 'ImageSCC', 'Triangulation'
Flavors: r-oldrel-macos-arm64, r-oldrel-macos-x86_64, r-oldrel-windows-x86_64