Last updated on 2024-03-28 01:54:04 CET.
Flavor | Version | Tinstall | Tcheck | Ttotal | Status | Flags |
---|---|---|---|---|---|---|
r-devel-linux-x86_64-debian-clang | 0.8.3 | 8.62 | 110.15 | 118.77 | OK | |
r-devel-linux-x86_64-debian-gcc | 0.8.3 | 5.61 | 81.95 | 87.56 | OK | |
r-devel-linux-x86_64-fedora-clang | 0.8.3 | 147.27 | NOTE | |||
r-devel-linux-x86_64-fedora-gcc | 0.8.3 | 144.88 | NOTE | |||
r-devel-windows-x86_64 | 0.8.3 | 10.00 | 93.00 | 103.00 | OK | |
r-patched-linux-x86_64 | 0.8.3 | 8.67 | 106.09 | 114.76 | OK | |
r-release-linux-x86_64 | 0.8.3 | 11.38 | 107.40 | 118.78 | OK | |
r-release-macos-arm64 | 0.8.3 | 43.00 | OK | |||
r-release-macos-x86_64 | 0.8.3 | 118.00 | OK | |||
r-release-windows-x86_64 | 0.8.3 | 12.00 | 115.00 | 127.00 | OK | |
r-oldrel-macos-arm64 | 0.8.3 | 49.00 | OK | |||
r-oldrel-windows-x86_64 | 0.8.3 | 12.00 | 118.00 | 130.00 | OK |
Version: 0.8.3
Check: data for non-ASCII characters
Result: NOTE
Note: found 4894 marked UTF-8 strings
Flavors: r-devel-linux-x86_64-fedora-clang, r-devel-linux-x86_64-fedora-gcc