Last updated on 2023-03-29 01:51:35 CEST.
Flavor | Version | Tinstall | Tcheck | Ttotal | Status | Flags |
---|---|---|---|---|---|---|
r-devel-linux-x86_64-debian-clang | 1.3.2 | 5.52 | 81.39 | 86.91 | OK | |
r-devel-linux-x86_64-debian-gcc | 1.3.2 | 4.48 | 61.78 | 66.26 | OK | |
r-devel-linux-x86_64-fedora-clang | 1.3.2 | 108.09 | NOTE | |||
r-devel-linux-x86_64-fedora-gcc | 1.3.2 | 121.38 | OK | |||
r-devel-windows-x86_64 | 1.3.2 | 85.00 | 0.00 | 85.00 | OK | |
r-patched-linux-x86_64 | 1.3.2 | 7.42 | 75.86 | 83.28 | OK | |
r-release-linux-x86_64 | 1.3.2 | 4.08 | 77.10 | 81.18 | OK | |
r-release-macos-arm64 | 1.3.2 | 41.00 | OK | |||
r-release-macos-x86_64 | 1.3.2 | 55.00 | OK | |||
r-release-windows-x86_64 | 1.3.2 | 73.00 | 144.00 | 217.00 | OK | |
r-oldrel-macos-arm64 | 1.3.2 | 56.00 | OK | |||
r-oldrel-macos-x86_64 | 1.3.2 | 71.00 | OK | |||
r-oldrel-windows-ix86+x86_64 | 1.3.2 | 12.00 | 122.00 | 134.00 | NOTE |
Version: 1.3.2
Check: Rd cross-references
Result: NOTE
Undeclared package ‘yaml’ in Rd xrefs
Flavor: r-devel-linux-x86_64-fedora-clang
Version: 1.3.2
Check: dependencies in R code
Result: NOTE
Initiating curl with CURL_SSL_BACKEND: openssl
Flavor: r-oldrel-windows-ix86+x86_64