CRAN Package Check Results for Package ngramr

Last updated on 2022-06-30 01:49:14 CEST.

Flavor Version Tinstall Tcheck Ttotal Status Flags
r-devel-linux-x86_64-debian-clang 1.7.5 5.72 62.23 67.95 OK
r-devel-linux-x86_64-debian-gcc 1.7.5 5.52 46.64 52.16 OK
r-devel-linux-x86_64-fedora-clang 1.7.5 91.65 NOTE
r-devel-linux-x86_64-fedora-gcc 1.7.5 92.47 NOTE
r-devel-windows-x86_64 1.7.5 17.00 90.00 107.00 OK
r-patched-linux-x86_64 1.7.5 5.68 57.83 63.51 OK
r-release-linux-x86_64 1.7.5 4.73 58.90 63.63 OK
r-release-macos-arm64 1.7.5 33.00 NOTE
r-release-macos-x86_64 1.7.5 52.00 NOTE
r-release-windows-x86_64 1.7.5 20.00 91.00 111.00 OK
r-oldrel-macos-arm64 1.7.5 31.00 NOTE
r-oldrel-macos-x86_64 1.7.5 49.00 NOTE
r-oldrel-windows-ix86+x86_64 1.7.5 16.00 87.00 103.00 OK

Check Details

Version: 1.7.5
Check: dependencies in R code
Result: NOTE
    Namespace in Imports field not imported from: ‘lifecycle’
     All declared Imports should be used.
Flavors: r-devel-linux-x86_64-fedora-clang, r-devel-linux-x86_64-fedora-gcc, r-release-macos-arm64, r-release-macos-x86_64, r-oldrel-macos-arm64, r-oldrel-macos-x86_64