Last updated on 2025-10-31 01:49:05 CET.
| Flavor | Version | Tinstall | Tcheck | Ttotal | Status | Flags | 
|---|---|---|---|---|---|---|
| r-devel-linux-x86_64-debian-clang | 1.0.3 | 7.53 | 149.49 | 157.02 | NOTE | |
| r-devel-linux-x86_64-debian-gcc | 1.0.3 | 6.17 | 117.89 | 124.06 | NOTE | |
| r-devel-linux-x86_64-fedora-clang | 1.0.3 | 14.00 | 235.14 | 249.14 | OK | |
| r-devel-linux-x86_64-fedora-gcc | 1.0.3 | 16.00 | 248.28 | 264.28 | OK | |
| r-devel-windows-x86_64 | 1.0.3 | 10.00 | 165.00 | 175.00 | OK | |
| r-patched-linux-x86_64 | 1.0.3 | 7.64 | 150.46 | 158.10 | OK | |
| r-release-linux-x86_64 | 1.0.3 | 7.49 | 150.18 | 157.67 | OK | |
| r-release-macos-arm64 | 1.0.3 | 5.00 | 84.00 | 89.00 | OK | |
| r-release-macos-x86_64 | 1.0.3 | 7.00 | 137.00 | 144.00 | OK | |
| r-release-windows-x86_64 | 1.0.3 | 10.00 | 162.00 | 172.00 | OK | |
| r-oldrel-macos-arm64 | 1.0.3 | 4.00 | 70.00 | 74.00 | OK | |
| r-oldrel-macos-x86_64 | 1.0.3 | 11.00 | 202.00 | 213.00 | OK | |
| r-oldrel-windows-x86_64 | 1.0.3 | 12.00 | 207.00 | 219.00 | OK | 
Version: 1.0.3
Check: CRAN incoming feasibility
Result: NOTE
  Maintainer: ‘David Pleydell <david.pleydell@inrae.fr>’
  
  No Authors@R field in DESCRIPTION.
  Please add one, modifying
    Authors@R: person(given = "David",
                      family = "Pleydell",
                      role = c("aut", "cre", "cph"),
                      email = "david.pleydell@inrae.fr",
                      comment = c("Package developer", ORCID = "0000-0002-6450-1475"))
  as necessary.
Flavors: r-devel-linux-x86_64-debian-clang, r-devel-linux-x86_64-debian-gcc