Last updated on 2022-05-29 02:49:04 CEST.
Flavor | Version | Tinstall | Tcheck | Ttotal | Status | Flags |
---|---|---|---|---|---|---|
r-devel-linux-x86_64-debian-clang | 2.0.7 | 373.39 | 209.37 | 582.76 | OK | |
r-devel-linux-x86_64-debian-gcc | 2.0.7 | 313.38 | 151.93 | 465.31 | OK | |
r-devel-linux-x86_64-fedora-clang | 2.0.7 | 786.07 | NOTE | |||
r-devel-linux-x86_64-fedora-gcc | 2.0.7 | 702.49 | OK | |||
r-devel-windows-x86_64 | 2.0.7 | 351.00 | 220.00 | 571.00 | OK | |
r-patched-linux-x86_64 | 2.0.7 | 334.63 | 197.21 | 531.84 | OK | |
r-release-linux-x86_64 | 2.0.7 | 322.04 | 195.26 | 517.30 | OK | |
r-release-macos-arm64 | 2.0.7 | 157.00 | NOTE | |||
r-release-macos-x86_64 | 2.0.7 | 283.00 | NOTE | |||
r-release-windows-x86_64 | 2.0.7 | 347.00 | 233.00 | 580.00 | OK | |
r-oldrel-macos-arm64 | 2.0.7 | 110.00 | NOTE | |||
r-oldrel-macos-x86_64 | 2.0.7 | 218.00 | NOTE | |||
r-oldrel-windows-ix86+x86_64 | 2.0.7 | 875.00 | 272.00 | 1147.00 | NOTE |
Version: 2.0.7
Check: installed package size
Result: NOTE
installed size is 16.6Mb
sub-directories of 1Mb or more:
R 1.1Mb
libs 14.5Mb
Flavors: r-devel-linux-x86_64-fedora-clang, r-release-macos-arm64, r-release-macos-x86_64, r-oldrel-macos-arm64, r-oldrel-macos-x86_64, r-oldrel-windows-ix86+x86_64