Last updated on 2024-04-23 01:57:08 CEST.
Flavor | Version | Tinstall | Tcheck | Ttotal | Status | Flags |
---|---|---|---|---|---|---|
r-devel-linux-x86_64-debian-clang | 2016.3.2 | 2.86 | 46.24 | 49.10 | NOTE | |
r-devel-linux-x86_64-debian-gcc | 2016.3.2 | 2.64 | 34.79 | 37.43 | NOTE | |
r-devel-linux-x86_64-fedora-clang | 2016.3.2 | 64.01 | NOTE | |||
r-devel-linux-x86_64-fedora-gcc | 2016.3.2 | 77.26 | NOTE | |||
r-prerel-macos-arm64 | 2016.3.2 | 28.00 | NOTE | |||
r-prerel-windows-x86_64 | 2016.3.2 | 4.00 | 69.00 | 73.00 | OK | |
r-patched-linux-x86_64 | 2016.3.2 | 3.40 | 44.93 | 48.33 | NOTE | |
r-release-linux-x86_64 | 2016.3.2 | 2.90 | 44.45 | 47.35 | NOTE | |
r-release-macos-arm64 | 2016.3.2 | 30.00 | OK | |||
r-release-macos-x86_64 | 2016.3.2 | 46.00 | OK | |||
r-release-windows-x86_64 | 2016.3.2 | 4.00 | 68.00 | 72.00 | OK | |
r-oldrel-macos-arm64 | 2016.3.2 | 29.00 | OK | |||
r-oldrel-windows-x86_64 | 2016.3.2 | 5.00 | 71.00 | 76.00 | OK |
Version: 2016.3.2
Check: package dependencies
Result: NOTE
Packages suggested but not available for checking: 'Rvmmin', 'Rcgmin'
Flavors: r-devel-linux-x86_64-debian-clang, r-devel-linux-x86_64-debian-gcc, r-devel-linux-x86_64-fedora-clang, r-devel-linux-x86_64-fedora-gcc, r-prerel-macos-arm64, r-patched-linux-x86_64, r-release-linux-x86_64