CRAN Package Check Results for Package noah

Last updated on 2022-05-17 02:53:15 CEST.

Flavor Version Tinstall Tcheck Ttotal Status Flags
r-devel-linux-x86_64-debian-clang 0.1.0 2.79 60.22 63.01 NOTE
r-devel-linux-x86_64-debian-gcc 0.1.0 2.98 45.13 48.11 NOTE
r-devel-linux-x86_64-fedora-clang 0.1.0 75.52 NOTE
r-devel-linux-x86_64-fedora-gcc 0.1.0 73.82 NOTE
r-devel-windows-x86_64 0.1.0 13.00 75.00 88.00 NOTE
r-patched-linux-x86_64 0.1.0 2.63 56.94 59.57 NOTE
r-release-linux-x86_64 0.1.0 3.45 56.51 59.96 NOTE
r-release-macos-arm64 0.1.0 22.00 NOTE
r-release-macos-x86_64 0.1.0 44.00 NOTE
r-release-windows-x86_64 0.1.0 12.00 75.00 87.00 NOTE
r-oldrel-macos-arm64 0.1.0 28.00 NOTE
r-oldrel-macos-x86_64 0.1.0 47.00 NOTE
r-oldrel-windows-ix86+x86_64 0.1.0 9.00 72.00 81.00 NOTE

Check Details

Version: 0.1.0
Check: LazyData
Result: NOTE
     'LazyData' is specified without a 'data' directory
Flavors: r-devel-linux-x86_64-debian-clang, r-devel-linux-x86_64-debian-gcc, r-devel-linux-x86_64-fedora-clang, r-devel-linux-x86_64-fedora-gcc, r-devel-windows-x86_64, r-patched-linux-x86_64, r-release-linux-x86_64, r-release-macos-arm64, r-release-macos-x86_64, r-release-windows-x86_64, r-oldrel-macos-arm64, r-oldrel-macos-x86_64, r-oldrel-windows-ix86+x86_64

Version: 0.1.0
Check: dependencies in R code
Result: NOTE
    Namespaces in Imports field not imported from:
     ‘R6’ ‘crayon’ ‘digest’ ‘hash’
     All declared Imports should be used.
Flavors: r-devel-linux-x86_64-fedora-clang, r-devel-linux-x86_64-fedora-gcc, r-release-macos-arm64, r-release-macos-x86_64, r-oldrel-macos-arm64, r-oldrel-macos-x86_64