CRAN Package Check Results for Package nph

Last updated on 2022-05-17 02:53:15 CEST.

Flavor Version Tinstall Tcheck Ttotal Status Flags
r-devel-linux-x86_64-debian-clang 2.0 6.67 153.02 159.69 NOTE
r-devel-linux-x86_64-debian-gcc 2.0 5.55 114.96 120.51 NOTE
r-devel-linux-x86_64-fedora-clang 2.0 192.59 NOTE
r-devel-linux-x86_64-fedora-gcc 2.0 185.69 NOTE
r-devel-windows-x86_64 2.0 27.00 256.00 283.00 NOTE
r-patched-linux-x86_64 2.0 6.69 143.67 150.36 NOTE
r-release-linux-x86_64 2.0 5.12 144.61 149.73 NOTE
r-release-macos-arm64 2.0 65.00 NOTE
r-release-macos-x86_64 2.0 128.00 NOTE
r-release-windows-x86_64 2.1 44.00 237.00 281.00 OK
r-oldrel-macos-arm64 2.0 96.00 NOTE
r-oldrel-macos-x86_64 2.0 119.00 NOTE
r-oldrel-windows-ix86+x86_64 2.0 18.00 239.00 257.00 NOTE

Check Details

Version: 2.0
Check: LazyData
Result: NOTE
     'LazyData' is specified without a 'data' directory
Flavors: r-devel-linux-x86_64-debian-clang, r-devel-linux-x86_64-debian-gcc, r-devel-linux-x86_64-fedora-clang, r-devel-linux-x86_64-fedora-gcc, r-devel-windows-x86_64, r-patched-linux-x86_64, r-release-linux-x86_64, r-release-macos-arm64, r-release-macos-x86_64, r-oldrel-macos-arm64, r-oldrel-macos-x86_64, r-oldrel-windows-ix86+x86_64