Last updated on 2025-05-05 01:50:54 CEST.
Flavor | Version | Tinstall | Tcheck | Ttotal | Status | Flags |
---|---|---|---|---|---|---|
r-devel-linux-x86_64-debian-clang | 1.1.0 | 16.32 | 85.57 | 101.89 | NOTE | |
r-devel-linux-x86_64-debian-gcc | 1.1.0 | 10.13 | 56.37 | 66.50 | NOTE | |
r-devel-linux-x86_64-fedora-clang | 1.1.0 | 164.40 | OK | |||
r-devel-linux-x86_64-fedora-gcc | 1.1.0 | 166.72 | OK | |||
r-devel-windows-x86_64 | 1.1.0 | 15.00 | 102.00 | 117.00 | OK | |
r-patched-linux-x86_64 | 1.1.0 | 17.72 | 81.59 | 99.31 | OK | |
r-release-linux-x86_64 | 1.1.0 | 15.12 | 80.41 | 95.53 | OK | |
r-release-macos-arm64 | 1.1.0 | 44.00 | OK | |||
r-release-macos-x86_64 | 1.1.0 | 94.00 | OK | |||
r-release-windows-x86_64 | 1.1.0 | 13.00 | 111.00 | 124.00 | OK | |
r-oldrel-macos-arm64 | 1.1.0 | 37.00 | OK | |||
r-oldrel-macos-x86_64 | 1.1.0 | 60.00 | OK | |||
r-oldrel-windows-x86_64 | 1.1.0 | 14.00 | 119.00 | 133.00 | OK |
Version: 1.1.0
Check: CRAN incoming feasibility
Result: NOTE
Maintainer: ‘Nathaniel E. Helwig <helwig@umn.edu>’
No Authors@R field in DESCRIPTION.
Please add one, modifying
Authors@R: person(given = c("Nathaniel", "E."),
family = "Helwig",
role = c("aut", "cre"),
email = "helwig@umn.edu")
as necessary.
Flavors: r-devel-linux-x86_64-debian-clang, r-devel-linux-x86_64-debian-gcc