Last updated on 2024-04-18 01:55:26 CEST.
Flavor | Version | Tinstall | Tcheck | Ttotal | Status | Flags |
---|---|---|---|---|---|---|
r-devel-linux-x86_64-debian-clang | 1.1.1 | 4.95 | 47.87 | 52.82 | OK | |
r-devel-linux-x86_64-debian-gcc | 1.1.1 | 3.87 | 37.02 | 40.89 | OK | |
r-devel-linux-x86_64-fedora-clang | 1.1.1 | 66.60 | OK | |||
r-devel-linux-x86_64-fedora-gcc | 1.1.1 | 64.25 | OK | |||
r-prerel-macos-arm64 | 1.1.1 | 23.00 | OK | |||
r-prerel-windows-x86_64 | 1.1.1 | 5.00 | 73.00 | 78.00 | OK | |
r-patched-linux-x86_64 | 1.1.1 | 7.70 | 45.66 | 53.36 | OK | |
r-release-linux-x86_64 | 1.1.1 | 3.90 | 46.44 | 50.34 | OK | |
r-release-macos-arm64 | 1.1.1 | 26.00 | OK | |||
r-release-macos-x86_64 | 1.1.1 | 65.00 | OK | |||
r-release-windows-x86_64 | 1.1.1 | 6.00 | 76.00 | 82.00 | OK | |
r-oldrel-macos-arm64 | 1.1.1 | 27.00 | NOTE | |||
r-oldrel-windows-x86_64 | 1.1.1 | 8.00 | 84.00 | 92.00 | NOTE |
Version: 1.1.1
Check: S3 generic/method consistency
Result: NOTE
Found the following apparent S3 methods exported but not registered:
print.fkk.test
See section ‘Registering S3 methods’ in the ‘Writing R Extensions’
manual.
Flavors: r-oldrel-macos-arm64, r-oldrel-windows-x86_64