CRAN Package Check Results for Package nsapi

Last updated on 2022-05-27 02:50:21 CEST.

Flavor Version Tinstall Tcheck Ttotal Status Flags
r-devel-linux-x86_64-debian-clang 0.1.1 2.13 36.14 38.27 NOTE
r-devel-linux-x86_64-debian-gcc 0.1.1 2.20 30.95 33.15 NOTE
r-devel-linux-x86_64-fedora-clang 0.1.1 48.65 NOTE
r-devel-linux-x86_64-fedora-gcc 0.1.1 35.98 NOTE
r-devel-windows-x86_64 0.1.1 10.00 55.00 65.00 NOTE
r-patched-linux-x86_64 0.1.1 2.28 35.07 37.35 NOTE
r-release-linux-x86_64 0.1.1 1.62 35.54 37.16 NOTE
r-release-macos-arm64 0.1.1 19.00 NOTE
r-release-macos-x86_64 0.1.1 24.00 NOTE
r-release-windows-x86_64 0.1.1 10.00 55.00 65.00 NOTE
r-oldrel-macos-arm64 0.1.1 22.00 NOTE
r-oldrel-macos-x86_64 0.1.1 34.00 NOTE
r-oldrel-windows-ix86+x86_64 0.1.1 6.00 45.00 51.00 NOTE

Check Details

Version: 0.1.1
Check: LazyData
Result: NOTE
     'LazyData' is specified without a 'data' directory
Flavors: r-devel-linux-x86_64-debian-clang, r-devel-linux-x86_64-debian-gcc, r-devel-linux-x86_64-fedora-clang, r-devel-linux-x86_64-fedora-gcc, r-devel-windows-x86_64, r-patched-linux-x86_64, r-release-linux-x86_64, r-release-macos-arm64, r-release-macos-x86_64, r-release-windows-x86_64, r-oldrel-macos-arm64, r-oldrel-macos-x86_64, r-oldrel-windows-ix86+x86_64