Last updated on 2025-05-09 01:50:12 CEST.
Flavor | Version | Tinstall | Tcheck | Ttotal | Status | Flags |
---|---|---|---|---|---|---|
r-devel-linux-x86_64-debian-clang | 1.4.0 | 118.36 | 88.17 | 206.53 | NOTE | |
r-devel-linux-x86_64-debian-gcc | 1.4.0 | 105.65 | 61.97 | 167.62 | NOTE | |
r-devel-linux-x86_64-fedora-clang | 1.4.0 | 408.12 | NOTE | |||
r-devel-linux-x86_64-fedora-gcc | 1.4.0 | 490.02 | NOTE | |||
r-devel-windows-x86_64 | 1.4.0 | 144.00 | 129.00 | 273.00 | NOTE | |
r-patched-linux-x86_64 | 1.4.0 | 141.26 | 82.77 | 224.03 | NOTE | |
r-release-linux-x86_64 | 1.4.0 | 136.40 | 82.44 | 218.84 | NOTE | |
r-release-macos-arm64 | 1.4.0 | 82.00 | NOTE | |||
r-release-macos-x86_64 | 1.4.0 | 134.00 | OK | |||
r-release-windows-x86_64 | 1.4.0 | 152.00 | 134.00 | 286.00 | NOTE | |
r-oldrel-macos-arm64 | 1.4.0 | 121.00 | NOTE | |||
r-oldrel-macos-x86_64 | 1.4.0 | 137.00 | NOTE | |||
r-oldrel-windows-x86_64 | 1.4.0 | 176.00 | 162.00 | 338.00 | OK |
Version: 1.4.0
Check: DESCRIPTION meta-information
Result: NOTE
Missing dependency on R >= 4.1.0 because package code uses the pipe
|> or function shorthand \(...) syntax added in R 4.1.0.
File(s) using such syntax:
‘partition.Rd’
Flavors: r-devel-linux-x86_64-debian-clang, r-devel-linux-x86_64-debian-gcc, r-devel-linux-x86_64-fedora-clang, r-devel-linux-x86_64-fedora-gcc, r-devel-windows-x86_64, r-patched-linux-x86_64, r-release-linux-x86_64, r-release-macos-arm64, r-release-windows-x86_64
Version: 1.4.0
Check: installed package size
Result: NOTE
installed size is 14.7Mb
sub-directories of 1Mb or more:
libs 14.3Mb
Flavors: r-oldrel-macos-arm64, r-oldrel-macos-x86_64