Last updated on 2024-03-28 01:54:04 CET.
Flavor | Version | Tinstall | Tcheck | Ttotal | Status | Flags |
---|---|---|---|---|---|---|
r-devel-linux-x86_64-debian-clang | 0.3.9 | 12.53 | 133.38 | 145.91 | OK | |
r-devel-linux-x86_64-debian-gcc | 0.3.9 | 10.13 | 99.34 | 109.47 | OK | |
r-devel-linux-x86_64-fedora-clang | 0.3.9 | 176.17 | NOTE | |||
r-devel-linux-x86_64-fedora-gcc | 0.3.9 | 401.48 | NOTE | |||
r-devel-windows-x86_64 | 0.3.9 | 11.00 | 113.00 | 124.00 | OK | |
r-patched-linux-x86_64 | 0.3.9 | 12.76 | 125.38 | 138.14 | OK | |
r-release-linux-x86_64 | 0.3.9 | 7.18 | 126.24 | 133.42 | OK | |
r-release-macos-arm64 | 0.3.9 | 135.00 | OK | |||
r-release-macos-x86_64 | 0.3.9 | 222.00 | OK | |||
r-release-windows-x86_64 | 0.3.9 | 14.00 | 137.00 | 151.00 | OK | |
r-oldrel-macos-arm64 | 0.3.9 | 106.00 | NOTE | |||
r-oldrel-windows-x86_64 | 0.3.9 | 16.00 | 138.00 | 154.00 | OK |
Version: 0.3.9
Check: dependencies in R code
Result: NOTE
Namespaces in Imports field not imported from:
‘forecast’ ‘rlang’ ‘tsibble’ ‘viridis’
All declared Imports should be used.
Flavors: r-devel-linux-x86_64-fedora-clang, r-devel-linux-x86_64-fedora-gcc, r-oldrel-macos-arm64