Last updated on 2024-04-25 01:55:22 CEST.
Flavor | Version | Tinstall | Tcheck | Ttotal | Status | Flags |
---|---|---|---|---|---|---|
r-devel-linux-x86_64-debian-clang | 1.4.0 | 58.09 | 192.52 | 250.61 | NOTE | |
r-devel-linux-x86_64-debian-gcc | 1.4.0 | 40.01 | 137.42 | 177.43 | NOTE | |
r-devel-linux-x86_64-fedora-clang | 1.4.0 | 337.78 | NOTE | |||
r-devel-linux-x86_64-fedora-gcc | 1.4.0 | 321.99 | NOTE | |||
r-devel-windows-x86_64 | 1.4.0 | 48.00 | 176.00 | 224.00 | NOTE | |
r-patched-linux-x86_64 | 1.4.0 | 47.20 | 180.87 | 228.07 | NOTE | |
r-release-linux-x86_64 | 1.4.0 | 48.25 | 179.10 | 227.35 | NOTE | |
r-release-macos-arm64 | 1.4.0 | 78.00 | NOTE | |||
r-release-macos-x86_64 | 1.4.0 | 229.00 | NOTE | |||
r-release-windows-x86_64 | 1.4.0 | 50.00 | 170.00 | 220.00 | NOTE | |
r-oldrel-macos-arm64 | 1.4.0 | 80.00 | NOTE | |||
r-oldrel-macos-x86_64 | 1.4.0 | 217.00 | NOTE | |||
r-oldrel-windows-x86_64 | 1.4.0 | 63.00 | 223.00 | 286.00 | NOTE |
Version: 1.4.0
Check: for GNU extensions in Makefiles
Result: NOTE
GNU make is a SystemRequirements.
Flavors: r-devel-linux-x86_64-debian-clang, r-devel-linux-x86_64-debian-gcc, r-devel-linux-x86_64-fedora-clang, r-devel-linux-x86_64-fedora-gcc, r-devel-windows-x86_64, r-patched-linux-x86_64, r-release-linux-x86_64, r-release-macos-arm64, r-release-macos-x86_64, r-release-windows-x86_64, r-oldrel-macos-arm64, r-oldrel-macos-x86_64, r-oldrel-windows-x86_64
Version: 1.4.0
Check: package dependencies
Result: NOTE
Imports includes 31 non-default packages.
Importing from so many packages makes the package vulnerable to any of
them becoming unavailable. Move as many as possible to Suggests and
use conditionally.
Flavor: r-devel-linux-x86_64-fedora-clang
Version: 1.4.0
Check: dependencies in R code
Result: NOTE
Namespaces in Imports field not imported from:
‘R.utils’ ‘optparse’ ‘vcfR’
All declared Imports should be used.
Flavors: r-devel-linux-x86_64-fedora-clang, r-devel-linux-x86_64-fedora-gcc
Version: 1.4.0
Check: installed package size
Result: NOTE
installed size is 5.6Mb
sub-directories of 1Mb or more:
data 4.1Mb
Flavors: r-devel-windows-x86_64, r-release-macos-arm64, r-release-macos-x86_64, r-release-windows-x86_64, r-oldrel-macos-arm64, r-oldrel-macos-x86_64, r-oldrel-windows-x86_64