Last updated on 2025-02-05 02:48:56 CET.
Flavor | Version | Tinstall | Tcheck | Ttotal | Status | Flags |
---|---|---|---|---|---|---|
r-devel-linux-x86_64-debian-clang | 0.1.2 | 8.92 | 81.20 | 90.12 | NOTE | |
r-devel-linux-x86_64-debian-gcc | 0.1.2 | 6.51 | 62.16 | 68.67 | NOTE | |
r-devel-linux-x86_64-fedora-clang | 0.1.2 | 151.45 | OK | |||
r-devel-linux-x86_64-fedora-gcc | 0.1.2 | 134.73 | OK | |||
r-devel-windows-x86_64 | 0.1.2 | 10.00 | 92.00 | 102.00 | NOTE | |
r-patched-linux-x86_64 | 0.1.2 | 8.94 | 76.65 | 85.59 | OK | |
r-release-linux-x86_64 | 0.1.2 | 8.72 | 76.71 | 85.43 | OK | |
r-release-macos-arm64 | 0.1.2 | 42.00 | OK | |||
r-release-macos-x86_64 | 0.1.2 | 62.00 | OK | |||
r-release-windows-x86_64 | 0.1.2 | 9.00 | 90.00 | 99.00 | OK | |
r-oldrel-macos-arm64 | 0.1.2 | 44.00 | OK | |||
r-oldrel-macos-x86_64 | 0.1.2 | 117.00 | OK | |||
r-oldrel-windows-x86_64 | 0.1.2 | 11.00 | 111.00 | 122.00 | OK |
Version: 0.1.2
Check: Rd cross-references
Result: NOTE
Found the following Rd file(s) with Rd \link{} targets missing package
anchors:
plot.select.Rd: select
Please provide package anchors for all Rd \link{} targets not in the
package itself and the base packages.
Flavors: r-devel-linux-x86_64-debian-clang, r-devel-linux-x86_64-debian-gcc, r-devel-windows-x86_64