Last updated on 2025-04-30 02:50:46 CEST.
Flavor | Version | Tinstall | Tcheck | Ttotal | Status | Flags |
---|---|---|---|---|---|---|
r-devel-linux-x86_64-debian-clang | 0.1-1 | 17.09 | 154.48 | 171.57 | NOTE | |
r-devel-linux-x86_64-debian-gcc | 0.1-1 | 10.70 | 110.01 | 120.71 | NOTE | |
r-devel-linux-x86_64-fedora-clang | 0.1-1 | 268.85 | OK | |||
r-devel-linux-x86_64-fedora-gcc | 0.1-1 | 274.07 | OK | |||
r-devel-windows-x86_64 | 0.1-1 | 19.00 | 199.00 | 218.00 | NOTE | |
r-patched-linux-x86_64 | 0.1-1 | 15.63 | 148.17 | 163.80 | NOTE | |
r-release-linux-x86_64 | 0.1-1 | 15.99 | 148.71 | 164.70 | NOTE | |
r-release-macos-arm64 | 0.1-1 | 83.00 | OK | |||
r-release-macos-x86_64 | 0.1-1 | 154.00 | OK | |||
r-release-windows-x86_64 | 0.1-1 | 20.00 | 197.00 | 217.00 | NOTE | |
r-oldrel-macos-arm64 | 0.1-1 | 76.00 | OK | |||
r-oldrel-macos-x86_64 | 0.1-1 | 144.00 | OK | |||
r-oldrel-windows-x86_64 | 0.1-1 | 24.00 | 220.00 | 244.00 | OK |
Version: 0.1-1
Check: Rd cross-references
Result: NOTE
Found the following Rd file(s) with Rd \link{} targets missing package
anchors:
qqplot_maha.Rd: ad.test
Please provide package anchors for all Rd \link{} targets not in the
package itself and the base packages.
Flavors: r-devel-linux-x86_64-debian-clang, r-devel-linux-x86_64-debian-gcc, r-devel-windows-x86_64, r-patched-linux-x86_64, r-release-linux-x86_64, r-release-windows-x86_64
Version: 0.1-1
Check: examples
Result: NOTE
Examples with CPU (user + system) or elapsed time > 5s
user system elapsed
copula 4.249 0.057 5.386
Flavor: r-devel-linux-x86_64-debian-clang
Version: 0.1-1
Check: for unstated dependencies in ‘demo’
Result: NOTE
'library' or 'require' calls not declared from:
‘QRM’ ‘microbenchmark’ ‘mvtnorm’ ‘qrmtools’ ‘quadprog’ ‘rugarch’
‘sensitivity’ ‘zoo’
Flavors: r-devel-linux-x86_64-debian-clang, r-devel-linux-x86_64-debian-gcc, r-patched-linux-x86_64, r-release-linux-x86_64