Last updated on 2025-10-31 01:49:05 CET.
| Flavor | Version | Tinstall | Tcheck | Ttotal | Status | Flags | 
|---|---|---|---|---|---|---|
| r-devel-linux-x86_64-debian-clang | 0.4.0 | 9.21 | 49.39 | 58.60 | ERROR | |
| r-devel-linux-x86_64-debian-gcc | 0.4.0 | 6.97 | 37.69 | 44.66 | ERROR | |
| r-devel-linux-x86_64-fedora-clang | 0.4.0 | 19.00 | 72.48 | 91.48 | ERROR | |
| r-devel-linux-x86_64-fedora-gcc | 0.4.0 | 21.00 | 85.39 | 106.39 | ERROR | |
| r-devel-windows-x86_64 | 0.4.0 | 10.00 | 68.00 | 78.00 | ERROR | |
| r-patched-linux-x86_64 | 0.4.0 | 8.98 | 48.22 | 57.20 | ERROR | |
| r-release-linux-x86_64 | 0.4.0 | 8.86 | 48.83 | 57.69 | ERROR | |
| r-release-macos-arm64 | 0.4.0 | 5.00 | 34.00 | 39.00 | OK | |
| r-release-macos-x86_64 | 0.4.0 | 17.00 | 72.00 | 89.00 | OK | |
| r-release-windows-x86_64 | 0.4.0 | 11.00 | 67.00 | 78.00 | ERROR | |
| r-oldrel-macos-arm64 | 0.4.0 | 6.00 | 31.00 | 37.00 | OK | |
| r-oldrel-macos-x86_64 | 0.4.0 | 8.00 | 50.00 | 58.00 | OK | |
| r-oldrel-windows-x86_64 | 0.4.0 | 9.00 | 78.00 | 87.00 | ERROR | 
Version: 0.4.0
Check: re-building of vignette outputs
Result: ERROR
  Error(s) in re-building vignettes:
    ...
  --- re-building ‘README.Rmd’ using rmarkdown
  
  Quitting from README.Rmd:90-109 [unnamed-chunk-4]
  ~~~~~~~~~~~~~~~~~~~~~~~~~~~~~~~~~~~~~~~~~~~~~~~~~~~~~~~~~~~~~~~~~~~~~~~~~~~~~~~~
  NULL
  ~~~~~~~~~~~~~~~~~~~~~~~~~~~~~~~~~~~~~~~~~~~~~~~~~~~~~~~~~~~~~~~~~~~~~~~~~~~~~~~~
  
  Error: processing vignette 'README.Rmd' failed with diagnostics:
  Problem while setting up geom aesthetics.
  ℹ Error occurred in the 2nd layer.
  Caused by error in `check_aesthetics()`:
  ! Aesthetics must be either length 1 or the same as the data (3104).
  ✖ Fix the following mappings: `group`.
  --- failed re-building ‘README.Rmd’
  
  SUMMARY: processing the following file failed:
    ‘README.Rmd’
  
  Error: Vignette re-building failed.
  Execution halted
Flavors: r-devel-linux-x86_64-debian-clang, r-devel-linux-x86_64-debian-gcc, r-patched-linux-x86_64, r-release-linux-x86_64
Version: 0.4.0
Check: re-building of vignette outputs
Result: ERROR
  Error(s) in re-building vignettes:
  --- re-building ‘README.Rmd’ using rmarkdown
  
  Quitting from README.Rmd:90-109 [unnamed-chunk-4]
  ~~~~~~~~~~~~~~~~~~~~~~~~~~~~~~~~~~~~~~~~~~~~~~~~~~~~~~~~~~~~~~~~~~~~~~~~~~~~~~~~
  NULL
  ~~~~~~~~~~~~~~~~~~~~~~~~~~~~~~~~~~~~~~~~~~~~~~~~~~~~~~~~~~~~~~~~~~~~~~~~~~~~~~~~
  
  Error: processing vignette 'README.Rmd' failed with diagnostics:
  Problem while setting up geom aesthetics.
  ℹ Error occurred in the 2nd layer.
  Caused by error in `check_aesthetics()`:
  ! Aesthetics must be either length 1 or the same as the data (3104).
  ✖ Fix the following mappings: `group`.
  --- failed re-building ‘README.Rmd’
  
  SUMMARY: processing the following file failed:
    ‘README.Rmd’
  
  Error: Vignette re-building failed.
  Execution halted
Flavors: r-devel-linux-x86_64-fedora-clang, r-devel-linux-x86_64-fedora-gcc, r-devel-windows-x86_64, r-release-windows-x86_64, r-oldrel-windows-x86_64