Last updated on 2024-08-16 01:48:24 CEST.
Flavor | Version | Tinstall | Tcheck | Ttotal | Status | Flags |
---|---|---|---|---|---|---|
r-devel-linux-x86_64-debian-clang | 0.5.0 | 3.23 | 29.35 | 32.58 | OK | |
r-devel-linux-x86_64-debian-gcc | 0.5.0 | 2.00 | 22.54 | 24.54 | OK | |
r-devel-linux-x86_64-fedora-clang | 0.5.0 | 52.24 | NOTE | |||
r-devel-linux-x86_64-fedora-gcc | 0.5.0 | 49.12 | OK | |||
r-devel-windows-x86_64 | 0.5.0 | 5.00 | 63.00 | 68.00 | OK | |
r-patched-linux-x86_64 | 0.5.0 | 4.50 | 28.29 | 32.79 | OK | |
r-release-linux-x86_64 | 0.5.0 | 3.08 | 28.28 | 31.36 | OK | |
r-release-macos-arm64 | 0.5.0 | 20.00 | OK | |||
r-release-macos-x86_64 | 0.5.0 | 30.00 | OK | |||
r-release-windows-x86_64 | 0.5.0 | 5.00 | 62.00 | 67.00 | OK | |
r-oldrel-macos-arm64 | 0.5.0 | 25.00 | OK | |||
r-oldrel-macos-x86_64 | 0.5.0 | 38.00 | OK | |||
r-oldrel-windows-x86_64 | 0.5.0 | 7.00 | 69.00 | 76.00 | OK |
Version: 0.5.0
Check: Rd cross-references
Result: NOTE
Undeclared package ‘mime’ in Rd xrefs
Flavor: r-devel-linux-x86_64-fedora-clang