Last updated on 2022-07-06 01:50:29 CEST.
Flavor | Version | Tinstall | Tcheck | Ttotal | Status | Flags |
---|---|---|---|---|---|---|
r-devel-linux-x86_64-debian-clang | 0.5.0 | 16.39 | 129.77 | 146.16 | OK | |
r-devel-linux-x86_64-debian-gcc | 0.5.0 | 14.72 | 96.61 | 111.33 | OK | |
r-devel-linux-x86_64-fedora-clang | 0.5.0 | 184.68 | NOTE | |||
r-devel-linux-x86_64-fedora-gcc | 0.5.0 | 180.67 | NOTE | |||
r-devel-windows-x86_64 | 0.5.0 | 25.00 | 144.00 | 169.00 | OK | |
r-patched-linux-x86_64 | 0.5.0 | 17.81 | 121.33 | 139.14 | OK | |
r-release-linux-x86_64 | 0.5.0 | 17.47 | 122.44 | 139.91 | OK | |
r-release-macos-arm64 | 0.5.0 | 48.00 | NOTE | |||
r-release-macos-x86_64 | 0.5.0 | 88.00 | NOTE | |||
r-release-windows-x86_64 | 0.5.0 | 28.00 | 151.00 | 179.00 | OK | |
r-oldrel-macos-arm64 | 0.5.0 | 52.00 | NOTE | |||
r-oldrel-macos-x86_64 | 0.5.0 | 74.00 | NOTE | |||
r-oldrel-windows-ix86+x86_64 | 0.5.0 | 37.00 | 140.00 | 177.00 | OK |
Version: 0.5.0
Check: dependencies in R code
Result: NOTE
Namespaces in Imports field not imported from:
‘RColorBrewer’ ‘graphics’
All declared Imports should be used.
Flavors: r-devel-linux-x86_64-fedora-clang, r-devel-linux-x86_64-fedora-gcc, r-release-macos-arm64, r-release-macos-x86_64, r-oldrel-macos-arm64, r-oldrel-macos-x86_64